{"id":10020,"date":"2025-02-22T06:53:33","date_gmt":"2025-02-22T05:53:33","guid":{"rendered":"https:\/\/asgolfdepessac.com\/?page_id=10020"},"modified":"2025-02-24T05:46:38","modified_gmt":"2025-02-24T04:46:38","slug":"regle-n16-degagement-de-conditions-anormales-du-parcours-y-compris-dobstructions-inamovibles-de-situations-dangereuses-dues-a-des-animaux-de-balle-enfoncee","status":"publish","type":"page","link":"https:\/\/asgolfdepessac.com\/index.php\/regle-n16-degagement-de-conditions-anormales-du-parcours-y-compris-dobstructions-inamovibles-de-situations-dangereuses-dues-a-des-animaux-de-balle-enfoncee\/","title":{"rendered":"R\u00e8gle n\u00b016 &#8211; D\u00e9gagement de conditions anormales du parcours (y compris d(obstructions inamovibles), de situations dangereuses dues \u00e0 des animaux, de balle enfonc\u00e9e"},"content":{"rendered":"\n<p class=\"has-text-align-center has-black-color has-background-color-background-color has-text-color has-background has-link-color has-medium-font-size wp-elements-444747dce1d4b7fcb1cad80a5d15a692\"><strong><a href=\"https:\/\/asgolfdepessac.com\/index.php\/clarification-de-la-regle-16\/\">Clarifications<\/a><\/strong><\/p>\n\n\n\n<p class=\"has-black-color has-background-color-background-color has-text-color has-background\">Objet de la R\u00e8gle :<br>La R\u00e8gle 16 traite de quand et comment le joueur peut se d\u00e9gager gratuitement en jouant une balle d\u2019un endroit diff\u00e9rent, dans des cas o\u00f9 par ex. il y a une interf\u00e9rence avec une condition anormale du parcours ou une situation dangereuse due \u00e0 des animaux.<br>\u2022 De telles conditions ne sont pas consid\u00e9r\u00e9es comme faisant partie du challenge propos\u00e9 en jouant le parcours, et un d\u00e9gagement gratuit est g\u00e9n\u00e9ralement autoris\u00e9 sauf dans une zone \u00e0 p\u00e9nalit\u00e9.<br>\u2022 Le joueur se d\u00e9gage normalement en droppant une balle dans une zone de d\u00e9gagement bas\u00e9e sur le point le plus proche de d\u00e9gagement complet.<br>Cette R\u00e8gle traite \u00e9galement du d\u00e9gagement gratuit lorsque la balle d\u2019un joueur est enfonc\u00e9e dans son propre impact dans la zone g\u00e9n\u00e9rale.<\/p>\n\n\n\n<p class=\"has-black-color has-background-color-background-color has-text-color has-background\"><strong>16.1 Conditions anormales du parcours (y compris les obstructions inamovibles)<\/strong><br>Cette R\u00e8gle traite du d\u00e9gagement gratuit autoris\u00e9 pour des interf\u00e9rences avec des trous d\u2019animaux, un terrain en r\u00e9paration, des obstructions inamovibles ou de l\u2019eau temporaire.<br>\u2022 L\u2019ensemble de ces \u00e9l\u00e9ments est couvert par le terme : conditions anormales du parcours, mais chacun de ces \u00e9l\u00e9ments a une d\u00e9finition distincte.<br>\u2022 Cette R\u00e8gle n\u2019accorde pas de d\u00e9gagement gratuit pour des obstructions amovibles (un type diff\u00e9rent de d\u00e9gagement gratuit est autoris\u00e9 selon la R\u00e8gle 15.2a) ou des \u00e9l\u00e9ments de limites ou pour des \u00e9l\u00e9ments partie int\u00e9grante (aucun d\u00e9gagement gratuit n\u2019est autoris\u00e9).<br><strong>16.1a Autorisation d\u2019un d\u00e9gagement<\/strong><br><strong>(1)<\/strong> Signification d\u2019interf\u00e9rence avec une condition anormale du parcours. Il y a interf\u00e9rence lorsque n\u2019importe laquelle des situations suivantes se produit :<br>\u2022 La balle du joueur touche ou repose dans ou sur une condition anormale du parcours,<br>\u2022 Une condition anormale du parcours interf\u00e8re physiquement avec la zone du stance ou du swing intentionnels du joueur, ou<br>\u2022 Seulement lorsque la balle est sur le green, une condition anormale du parcours sur ou en dehors du green intervient sur la ligne de jeu.<br>Si la condition anormale du parcours est suffisamment proche pour distraire le joueur mais ne r\u00e9pond \u00e0 aucune des exigences pr\u00e9c\u00e9dentes, il n\u2019y a pas d\u2019interf\u00e9rence selon cette R\u00e8gle.<br><em>Voir Proc\u00e9dures pour le Comit\u00e9, Section 8 ; R\u00e8gle locale type F-6 (le Comit\u00e9 peut adopter une R\u00e8gle locale refusant le d\u00e9gagement d\u2019une condition anormale du parcours qui n\u2019interf\u00e8re qu\u2019avec la zone du stance intentionnel).<\/em><br><strong>(2)<\/strong> D\u00e9gagement autoris\u00e9 n\u2019importe o\u00f9 sur le parcours sauf quand une balle est dans une zone \u00e0 p\u00e9nalit\u00e9. Selon la R\u00e8gle 16.1, le d\u00e9gagement de l\u2019interf\u00e9rence avec une condition anormale du parcours est autoris\u00e9 uniquement lorsque \u00e0 la fois :<br>\u2022 La condition anormale du parcours est sur le parcours (pas hors limites), et<br>\u2022 La balle repose n\u2019importe o\u00f9 sur le parcours, sauf dans une zone \u00e0 p\u00e9nalit\u00e9 (o\u00f9 le d\u00e9gagement selon la R\u00e8gle 17 est le seul possible pour le joueur).<br><strong>(3)<\/strong> Pas de d\u00e9gagement quand c\u2019est clairement d\u00e9raisonnable. Il n\u2019y a pas de d\u00e9gagement selon la R\u00e8gle 16.1 :<br>\u2022 Lorsque jouer la balle comme elle repose est clairement d\u00e9raisonnable \u00e0 cause de quelque chose dont le joueur n\u2019est pas autoris\u00e9 \u00e0 se d\u00e9gager gratuitement (par ex. lorsqu\u2019un joueur est incapable de jouer un coup vu l\u2019endroit o\u00f9 la balle repose dans un buisson), ou<br>\u2022 Lorsqu\u2019une interf\u00e9rence existe uniquement parce qu\u2019un joueur choisit un club, un type de stance ou de swing, ou une direction de jeu qui sont clairement d\u00e9raisonnables dans ces circonstances.<br><em>Voir Proc\u00e9dures pour le Comit\u00e9, Section 8 ; R\u00e8gle locale type F-23 (le Comit\u00e9 peut adopter une R\u00e8gle locale autorisant le d\u00e9gagement gratuit pour l\u2019interf\u00e9rence avec des obstructions inamovibles temporaires sur ou en dehors du parcours).<\/em><br><strong>16.1b D\u00e9gagement pour une balle dans la zone g\u00e9n\u00e9rale<\/strong><br>Si la balle d\u2019un joueur est dans la zone g\u00e9n\u00e9rale et qu\u2019il y a une interf\u00e9rence avec une condition anormale du parcours sur le parcours, le joueur peut se d\u00e9gager gratuitement en droppant la balle d\u2019origine, ou une autre balle, dans la zone de d\u00e9gagement suivante (voir R\u00e8gle 14.3) :<br>\u2022 Point de r\u00e9f\u00e9rence : le point le plus proche de d\u00e9gagement complet dans la zone g\u00e9n\u00e9rale.<br>\u2022 Dimension de la zone de d\u00e9gagement mesur\u00e9e depuis le point de r\u00e9f\u00e9rence : une longueur de club, mais avec les restrictions suivantes :<br>\u2022 Restrictions sur la zone de d\u00e9gagement :<br>\u00bb Elle doit \u00eatre dans la zone g\u00e9n\u00e9rale,<br>\u00bb Elle ne doit pas \u00eatre plus pr\u00e8s du trou que le point de r\u00e9f\u00e9rence, et<br>\u00bb Il doit y avoir un d\u00e9gagement complet de toute interf\u00e9rence avec la condition anormale du parcours.<br><strong>16.1c D\u00e9gagement pour une balle dans un bunker<\/strong><br>Si la balle d\u2019un joueur est dans un bunker et qu\u2019il y a une interf\u00e9rence avec une condition anormale du parcours sur le parcours, le joueur peut ou bien se d\u00e9gager gratuitement selon (1), ou alors se d\u00e9gager avec p\u00e9nalit\u00e9 selon (2) :<br><strong>(1)<\/strong> D\u00e9gagement gratuit : jouer du bunker. Le joueur peut se d\u00e9gager gratuite ment selon la R\u00e8gle 16.1b, sauf que :<br>\u2022 Le point le plus proche de d\u00e9gagement complet et la zone de d\u00e9gage ment doivent \u00eatre dans le bunker.<br>\u2022 S\u2019il n\u2019existe pas un tel point le plus proche de d\u00e9gagement complet dans le bunker, le joueur peut n\u00e9anmoins se d\u00e9gager en utilisant le point de d\u00e9gagement maximum possible dans le bunker comme point de r\u00e9f\u00e9rence.<br><strong>(2)<\/strong> D\u00e9gagement avec p\u00e9nalit\u00e9 : jouer depuis l\u2019ext\u00e9rieur du bunker (d\u00e9gagement en arri\u00e8re sur la ligne). Avec un coup de p\u00e9nalit\u00e9, le joueur peut dropper la balle d\u2019origine, ou une autre balle (voir R\u00e8gle 14.3), \u00e0 l\u2019ext\u00e9rieur de ce bunker, en gardant l\u2019emplacement de la balle d\u2019origine entre le trou et<br>l\u2019emplacement o\u00f9 la balle est dropp\u00e9e (sans limite sur la distance en arri\u00e8re \u00e0 laquelle la balle peut \u00eatre dropp\u00e9e). L\u2019emplacement sur la ligne o\u00f9 la balle touche le sol en premier quand elle est dropp\u00e9e d\u00e9termine une zone de d\u00e9gagement d\u2019une longueur de club dans n\u2019importe quelle direction \u00e0 partir<br>de cet emplacement, mais avec les restrictions suivantes : Restrictions sur la zone de d\u00e9gagement :<br>\u00bb Elle ne doit pas \u00eatre plus pr\u00e8s du trou que l\u2019emplacement de la balle d\u2019origine, et<br>\u00bb Elle peut \u00eatre dans n\u2019importe quelle zone du parcours \u00e0 l\u2019exception du m\u00eame bunker, mais<br>\u00bb Elle doit \u00eatre dans la m\u00eame zone du parcours que celle initialement touch\u00e9e par la balle lorsqu\u2019elle a \u00e9t\u00e9 dropp\u00e9e.<br><strong>16.1d D\u00e9gagement pour une balle sur le green<\/strong><br>Si la balle d\u2019un joueur est sur le green et qu\u2019il y a une interf\u00e9rence avec une condition anormale du parcours sur le parcours, le joueur peut se d\u00e9gager gratuitement en pla\u00e7ant la balle d\u2019origine, ou une autre balle, au point le plus proche de d\u00e9gagement complet, en utilisant les proc\u00e9dures pr\u00e9vues dans les<br>R\u00e8gles 14.2b(2) et 14.2e pour replacer une balle.<br>\u2022 Le point le plus proche de d\u00e9gagement complet doit \u00eatre soit sur le green, soit dans la zone g\u00e9n\u00e9rale.<br>\u2022 S\u2019il n\u2019existe pas un tel point le plus proche de d\u00e9gagement complet, le joueur peut se d\u00e9gager gratuitement en utilisant le point de d\u00e9gagement maximum possible comme point de r\u00e9f\u00e9rence qui doit \u00eatre soit sur le green, soit dans la zone g\u00e9n\u00e9rale.<br><strong>16.1e D\u00e9gagement pour une balle non retrouv\u00e9e mais qui est dans ou sur une condition anormale du parcours<\/strong><br>Si la balle d\u2019un joueur n\u2019a pas \u00e9t\u00e9 retrouv\u00e9e, et que l\u2019on est s\u00fbr ou quasiment certain qu\u2019elle repose dans ou sur une condition anormale du parcours sur le parcours, le joueur peut, au lieu de se d\u00e9gager selon coup et distance, utiliser l\u2019option de d\u00e9gagement suivante :<br>\u2022 Le joueur peut se d\u00e9gager selon la R\u00e8gle 16.1b, c ou d en utilisant le point estim\u00e9 o\u00f9 la balle a franchi en dernier la lisi\u00e8re de la condition anormale du parcours sur le parcours comme \u00e9tant l\u2019emplacement de la balle afin de d\u00e9terminer le point le plus proche de d\u00e9gagement complet.<br>\u2022 Une fois que le joueur met une autre balle en jeu pour se d\u00e9gager de cette fa\u00e7on :<br>\u00bb La balle d\u2019origine n\u2019est plus en jeu et ne doit plus \u00eatre jou\u00e9e.<br>\u00bb Ceci est vrai m\u00eame si la balle d\u2019origine est ensuite retrouv\u00e9e sur le parcours avant la fin du temps de recherche de trois minutes (voir R\u00e8gle 6.3b).<br>Mais si l\u2019on n\u2019est pas s\u00fbr ou quasiment certain que la balle repose dans ou sur une condition anormale du parcours et que la balle est perdue, le joueur doit prendre un d\u00e9gagement coup et distance selon la R\u00e8gle 18.2.<br><strong>16.1f D\u00e9gagement obligatoire de l\u2019interf\u00e9rence avec une zone de jeu interdit dans une condition anormale du parcours<\/strong><br>Dans chacune des situations suivantes, la balle ne doit pas \u00eatre jou\u00e9e comme elle repose :<br><strong>(1)<\/strong> D\u00e9gagement quand une balle repose dans une zone de jeu interdit n\u2019importe o\u00f9 sur le parcours ailleurs que dans une zone \u00e0 p\u00e9nalit\u00e9. Si la balle du joueur repose dans une zone de jeu interdit dans ou sur une condition anormale du parcours dans la zone g\u00e9n\u00e9rale, dans un bunker ou sur le green :<br>\u2022 Dans une zone de jeu interdit dans la zone g\u00e9n\u00e9rale. Le joueur doit se d\u00e9gager gratuitement selon la R\u00e8gle 16.1b.<br>\u2022 Dans une zone de jeu interdit dans un bunker. Le joueur doit se d\u00e9gager gratuitement ou avec p\u00e9nalit\u00e9 selon la R\u00e8gle 16.1c(1) ou (2).<br>\u2022 Dans une zone de jeu interdit sur le green. Le joueur doit se d\u00e9gager gratuitement selon la R\u00e8gle 16.1d.<br><strong>(2)<\/strong> D\u00e9gagement quand une zone de jeu interdit interf\u00e8re avec le stance ou le swing pour une balle n\u2019importe o\u00f9 sur le parcours ailleurs que dans une zone \u00e0 p\u00e9nalit\u00e9. Si la balle d\u2019un joueur se trouve \u00e0 l\u2019ext\u00e9rieur d\u2019une zone de jeu interdit et repose dans la zone g\u00e9n\u00e9rale, dans un bunker ou sur le green,<br>et qu\u2019une zone de jeu interdit (qu\u2019elle soit dans une condition anormale du parcours ou dans une zone \u00e0 p\u00e9nalit\u00e9), interf\u00e8re avec la zone du stance ou du swing intentionnels du joueur, le joueur doit :<br>\u2022 Ou bien se d\u00e9gager si c\u2019est autoris\u00e9, selon la R\u00e8gle 16.1b, c ou d, selon que la balle se trouve dans la zone g\u00e9n\u00e9rale, dans un bunker ou sur le green,<br>\u2022 Ou alors se d\u00e9gager pour une balle injouable selon la R\u00e8gle 19.<br>Pour la proc\u00e9dure \u00e0 suivre lorsqu\u2019il y a une interf\u00e9rence avec une zone de jeu interdit pour une balle reposant dans une zone \u00e0 p\u00e9nalit\u00e9, voir la R\u00e8gle 17.1e.<br><strong><em>P\u00e9nalit\u00e9 pour avoir jou\u00e9 une balle d\u2019un mauvais endroit en infraction avec la R\u00e8gle 16.1 : p\u00e9nalit\u00e9 g\u00e9n\u00e9rale selon la R\u00e8gle 14.7a.<\/em><\/strong><\/p>\n\n\n\n<p class=\"has-black-color has-background-color-background-color has-text-color has-background\"><strong>16.2 Situation dangereuse due \u00e0 un animal<\/strong><br><strong>16.2a Autorisation du d\u00e9gagement<\/strong><br>Une \u00ab situation dangereuse due \u00e0 un animal \u00bb existe lorsqu\u2019un animal dangereux (par ex. des serpents venimeux, des abeilles, des alligators, des fourmis de feu ou des ours) \u00e0 proximit\u00e9 d\u2019une balle pourrait causer une blessure physique s\u00e9rieuse au joueur s\u2019il devait jouer la balle comme elle repose.<br>Un joueur peut se d\u00e9gager d\u2019une situation dangereuse due \u00e0 un animal selon la R\u00e8gle 16.2b, peu importe l\u2019endroit o\u00f9 est sa balle sur le parcours.<br>Cette R\u00e8gle ne s\u2019applique pas aux autres situations sur le parcours qui peuvent causer des blessures physiques (par ex. un cactus).<br><strong>16.2b D\u00e9gagement pour une situation dangereuse due \u00e0 un animal<\/strong><br>Lorsqu\u2019il y a interf\u00e9rence avec une situation dangereuse due \u00e0 un animal :<br><strong>(1)<\/strong> Quand une balle repose n\u2019importe o\u00f9 ailleurs que dans une zone \u00e0 p\u00e9nalit\u00e9.<br>Le joueur peut se d\u00e9gager selon la R\u00e8gle 16.1b, c ou d, selon que la balle est dans la zone g\u00e9n\u00e9rale, dans un bunker ou sur le green.<br><strong>(2)<\/strong> Quand une balle repose dans une zone \u00e0 p\u00e9nalit\u00e9. Le joueur peut se d\u00e9gager gratuitement ou avec p\u00e9nalit\u00e9 :<br>\u2022 D\u00e9gagement gratuit : jouer de l\u2019int\u00e9rieur de la zone \u00e0 p\u00e9nalit\u00e9. Le joueur peut se d\u00e9gager gratuitement selon la R\u00e8gle 16.1b, sauf que le point le plus proche de d\u00e9gagement complet et la zone de d\u00e9gagement doivent \u00eatre dans la zone \u00e0 p\u00e9nalit\u00e9.<br>\u2022 D\u00e9gagement avec p\u00e9nalit\u00e9 : jouer de l\u2019ext\u00e9rieur de la zone \u00e0 p\u00e9nalit\u00e9.<br>\u00bb Le joueur peut se d\u00e9gager avec p\u00e9nalit\u00e9 selon la R\u00e8gle 17.1d.<br>\u00bb S\u2019il y a interf\u00e9rence avec une situation dangereuse due \u00e0 un animal \u00e0 l\u2019endroit o\u00f9 la balle serait jou\u00e9e apr\u00e8s avoir pris ce d\u00e9gagement avec p\u00e9nalit\u00e9 \u00e0 l\u2019ext\u00e9rieur de la zone \u00e0 p\u00e9nalit\u00e9, le joueur peut \u00e0 nouveau<br>se d\u00e9gager selon (1) sans p\u00e9nalit\u00e9 suppl\u00e9mentaire.<br><strong>(3) <\/strong>Pas de d\u00e9gagement gratuit quand c\u2019est clairement d\u00e9raisonnable. Il n\u2019y a pas de d\u00e9gagement gratuit selon la R\u00e8gle 16.2b :<br>\u2022 Lorsque jouer la balle comme elle repose est clairement d\u00e9raisonnable \u00e0 cause de quelque chose dont le joueur n\u2019est pas autoris\u00e9 \u00e0 se d\u00e9gager gratuitement (par ex. lorsque le joueur est incapable de jouer un coup vu l\u2019endroit o\u00f9 la balle repose dans un buisson).<br>\u2022 Lorsqu\u2019une interf\u00e9rence existe uniquement parce qu\u2019un joueur choisit un club, un type de stance ou de swing, ou une direction de jeu qui sont clairement d\u00e9raisonnables dans ces circonstances.<br>Pour l\u2019application de cette R\u00e8gle, le point le plus proche de d\u00e9gagement complet signifie le point le plus proche (pas plus pr\u00e8s du trou) o\u00f9 la situation dangereuse due \u00e0 un animal n\u2019existe plus.<br><strong><em>P\u00e9nalit\u00e9 pour avoir jou\u00e9 une balle d\u2019un mauvais endroit en infraction avec la R\u00e8gle 16.2 : p\u00e9nalit\u00e9 g\u00e9n\u00e9rale selon la R\u00e8gle 14.7a.<\/em><\/strong><\/p>\n\n\n\n<p class=\"has-black-color has-background-color-background-color has-text-color has-background\"><strong>16.3 Balle enfonc\u00e9e<\/strong><br><strong>16.3a Autorisation du d\u00e9gagement<\/strong><br><strong>(1)<\/strong> La balle doit \u00eatre enfonc\u00e9e dans la zone g\u00e9n\u00e9rale. Le d\u00e9gagement n\u2019est autoris\u00e9 selon la R\u00e8gle 16.3b que si la balle d\u2019un joueur est enfonc\u00e9e dans la zone g\u00e9n\u00e9rale.<br>\u2022 Il n\u2019y a pas de d\u00e9gagement selon cette R\u00e8gle si la balle est enfonc\u00e9e n\u2019importe o\u00f9 ailleurs que dans la zone g\u00e9n\u00e9rale.<br>\u2022 Mais si la balle est enfonc\u00e9e sur le green, le joueur peut marquer l\u2019emplacement de la balle, la relever et la nettoyer, r\u00e9parer le dommage caus\u00e9 par l\u2019impact de la balle, et replacer la balle \u00e0 son emplacement d\u2019origine (voir R\u00e8gle 13.1c(2)).<br>Exceptions \u2013 Pas de d\u00e9gagement autoris\u00e9 pour une balle enfonc\u00e9e dans la zone g\u00e9n\u00e9rale : il n\u2019y a pas de d\u00e9gagement selon la R\u00e8gle 16.3b :<br>\u2022 Lorsque la balle est enfonc\u00e9e dans du sable dans une partie de la zone g\u00e9n\u00e9rale qui n\u2019est pas tondue \u00e0 hauteur de fairway ou moins, ou<br>\u2022 Lorsque jouer la balle comme elle repose est clairement d\u00e9raisonnable \u00e0 cause de quelque chose dont le joueur n\u2019est pas autoris\u00e9 \u00e0 se d\u00e9gager gratuitement (par ex. lorsqu\u2019un joueur est incapable de jouer un coup vu l\u2019endroit o\u00f9 la balle repose dans un buisson).<br><strong>(2)<\/strong> D\u00e9terminer si une balle est enfonc\u00e9e. La balle d\u2019un joueur est enfonc\u00e9e seulement si :<br>\u2022 Elle est dans son propre impact cr\u00e9\u00e9 \u00e0 la suite du coup pr\u00e9c\u00e9dent du joueur, et<br>\u2022 Une partie de la balle est au-dessous du niveau du sol.<br>Si le joueur ne peut pas dire avec certitude si la balle est dans son propre impact ou un impact cr\u00e9\u00e9 par une autre balle, le joueur peut consid\u00e9rer que la balle est enfonc\u00e9e s\u2019il est raisonnable de conclure, \u00e0 partir des informations disponibles, que la balle est bien dans son propre impact.<br>Une balle n\u2019est pas enfonc\u00e9e si elle est au-dessous du niveau du sol \u00e0 la suite d\u2019autre chose que le coup pr\u00e9c\u00e9dent du joueur, par ex. quand :<br>\u2022 La balle a \u00e9t\u00e9 enfonc\u00e9e dans le sol par quelqu\u2019un marchant dessus,<br>\u2022 La balle est all\u00e9e directement dans le sol sans avoir d\u00e9coll\u00e9 du sol, ou<br>\u2022 La balle a \u00e9t\u00e9 dropp\u00e9e en se d\u00e9gageant selon une R\u00e8gle.<br><strong>16.3b D\u00e9gagement pour une balle enfonc\u00e9e<\/strong><br>Lorsque la balle d\u2019un joueur est enfonc\u00e9e dans la zone g\u00e9n\u00e9rale et que le d\u00e9gagement est autoris\u00e9 selon la R\u00e8gle 16.3a, le joueur peut se d\u00e9gager gratuitement en droppant la balle d\u2019origine, ou une autre balle, dans la zone de d\u00e9gagement suivante (voir R\u00e8gle 14.3) :<br>\u2022 Point de r\u00e9f\u00e9rence : l\u2019emplacement dans la zone g\u00e9n\u00e9rale juste derri\u00e8re celui o\u00f9 la balle est enfonc\u00e9e.<br>\u2022 Dimension de la zone de d\u00e9gagement mesur\u00e9e \u00e0 partir du point de r\u00e9f\u00e9rence : une longueur de club, mais avec les restrictions suivantes :<br>\u2022 Restrictions sur la zone de d\u00e9gagement :<br>\u00bb Elle doit \u00eatre dans la zone g\u00e9n\u00e9rale, et<br>\u00bb Elle ne doit pas \u00eatre plus pr\u00e8s du trou que le point de r\u00e9f\u00e9rence.<br><em>Voir Proc\u00e9dures pour le Comit\u00e9, Section 8 ; R\u00e8gle locale type F-2 (le Comit\u00e9 peut adopter une R\u00e8gle locale autorisant le d\u00e9gagement uniquement pour une balle enfonc\u00e9e dans une zone tondue \u00e0 hauteur de fairway ou moins).<\/em><br><strong><em>P\u00e9nalit\u00e9 pour avoir jou\u00e9 une balle d\u2019un mauvais endroit en infraction avec la R\u00e8gle 16.3 : p\u00e9nalit\u00e9 g\u00e9n\u00e9rale selon la R\u00e8gle 14.7a.<\/em><\/strong><\/p>\n\n\n\n<p class=\"has-black-color has-background-color-background-color has-text-color has-background\"><strong>16.4 Relever une balle pour voir si elle repose dans une condition pour laquelle un d\u00e9gagement est autoris\u00e9<\/strong><br>Si un joueur a une raison valable de croire que sa balle repose dans une situation pour laquelle un d\u00e9gagement gratuit est autoris\u00e9 selon la R\u00e8gle 15.2, 16.1 ou 16.3, mais qu\u2019il ne peut pas s\u2019en assurer sans relever la balle :<br>\u2022 Le joueur peut relever la balle pour voir si le d\u00e9gagement est autoris\u00e9, mais :<br>\u2022 L\u2019emplacement de la balle doit d\u2019abord \u00eatre marqu\u00e9 et la balle une fois relev\u00e9e ne doit pas \u00eatre nettoy\u00e9e (sauf sur le green) (voir R\u00e8gle 14.1).<br>Si le joueur rel\u00e8ve la balle sans cette raison valable (sauf sur le green o\u00f9 le joueur peut relever la balle selon la R\u00e8gle 13.1b), il encourt <strong><em>un coup de p\u00e9nalit\u00e9<\/em><\/strong>.<br>Si le d\u00e9gagement est autoris\u00e9 et que le joueur se d\u00e9gage, il n\u2019y a pas de p\u00e9nalit\u00e9 m\u00eame si le joueur n\u2019a pas marqu\u00e9 la balle avant de la relever ou l\u2019a nettoy\u00e9e une fois relev\u00e9e.<br>Si le d\u00e9gagement n\u2019est pas autoris\u00e9, ou si le joueur choisit de ne pas se d\u00e9gager alors qu\u2019il y est autoris\u00e9 :<br>\u2022 Le joueur encourt <em><strong>un coup de p\u00e9nalit\u00e9<\/strong><\/em> s\u2019il n\u2019a pas marqu\u00e9 l\u2019emplacement de la balle avant de la relever ou s\u2019il a nettoy\u00e9 la balle relev\u00e9e alors qu\u2019il n\u2019y \u00e9tait pas autoris\u00e9, et<br>\u2022 La balle doit \u00eatre replac\u00e9e \u00e0 son emplacement d\u2019origine (voir R\u00e8gle 14.2).<br><strong><em>P\u00e9nalit\u00e9 pour avoir jou\u00e9 une balle d\u2019un mauvais endroit en infraction avec la R\u00e8gle 16.4 : p\u00e9nalit\u00e9 g\u00e9n\u00e9rale selon la R\u00e8gle 14.7a.<\/em><\/strong><\/p>\n","protected":false},"excerpt":{"rendered":"<p>Clarifications Objet de la R\u00e8gle :La R\u00e8gle 16 traite de quand et comment le joueur peut se d\u00e9gager gratuitement en jouant une balle d\u2019un endroit diff\u00e9rent, dans des cas o\u00f9 par ex. il y a une interf\u00e9rence avec une condition anormale du parcours ou une situation dangereuse due \u00e0 des [&hellip;]<\/p>\n","protected":false},"author":8,"featured_media":9462,"parent":0,"menu_order":0,"comment_status":"closed","ping_status":"closed","template":"","meta":{"footnotes":""},"class_list":["post-10020","page","type-page","status-publish","has-post-thumbnail","hentry"],"_links":{"self":[{"href":"https:\/\/asgolfdepessac.com\/index.php\/wp-json\/wp\/v2\/pages\/10020","targetHints":{"allow":["GET"]}}],"collection":[{"href":"https:\/\/asgolfdepessac.com\/index.php\/wp-json\/wp\/v2\/pages"}],"about":[{"href":"https:\/\/asgolfdepessac.com\/index.php\/wp-json\/wp\/v2\/types\/page"}],"author":[{"embeddable":true,"href":"https:\/\/asgolfdepessac.com\/index.php\/wp-json\/wp\/v2\/users\/8"}],"replies":[{"embeddable":true,"href":"https:\/\/asgolfdepessac.com\/index.php\/wp-json\/wp\/v2\/comments?post=10020"}],"version-history":[{"count":0,"href":"https:\/\/asgolfdepessac.com\/index.php\/wp-json\/wp\/v2\/pages\/10020\/revisions"}],"wp:featuredmedia":[{"embeddable":true,"href":"https:\/\/asgolfdepessac.com\/index.php\/wp-json\/wp\/v2\/media\/9462"}],"wp:attachment":[{"href":"https:\/\/asgolfdepessac.com\/index.php\/wp-json\/wp\/v2\/media?parent=10020"}],"curies":[{"name":"wp","href":"https:\/\/api.w.org\/{rel}","templated":true}]}}