{"id":1024,"date":"2021-10-05T11:11:56","date_gmt":"2021-10-05T09:11:56","guid":{"rendered":"https:\/\/asgolfdepessac.com\/?page_id=1024"},"modified":"2025-10-27T09:07:17","modified_gmt":"2025-10-27T08:07:17","slug":"championnat-du-club","status":"publish","type":"page","link":"https:\/\/asgolfdepessac.com\/index.php\/activites\/championnat-du-club\/","title":{"rendered":"CHAMPIONNAT DU CLUB"},"content":{"rendered":"<p dir=\"ltr\"><span>DATE : 25 et 26 Octobre\u00a0\u00a0<\/span><\/p>\n<p dir=\"ltr\"><strong>LES CHAMPIONS DU CLUB 2025<\/strong><\/p>\n<table width=\"639\">\n<tbody>\n<tr>\n<td width=\"157\">\u00a0<\/td>\n<td width=\"262\">MESSIEURS<\/td>\n<td width=\"220\">DAMES<\/td>\n<\/tr>\n<tr>\n<td>1\u00e8re SERIE<\/td>\n<td>Jules GASNIER<\/td>\n<td>Manon LE GALES<\/td>\n<\/tr>\n<tr>\n<td>2\u00e8me SERIE<\/td>\n<td>Stephane BERGBAUM<\/td>\n<td>Charlotte BIDEAU<\/td>\n<\/tr>\n<tr>\n<td>3\u00e8me SERIE<\/td>\n<td>Romain TAILLARD<\/td>\n<td>Quitterie DERVAL<\/td>\n<\/tr>\n<tr>\n<td>U12<\/td>\n<td colspan=\"2\">Nathan BATTU<\/td>\n<\/tr>\n<\/tbody>\n<\/table>\n<p><a href=\"https:\/\/pages.ffgolf.org\/resultats\/resultats-details\/8986b22e6f493691cc71534be6847c02\/2501387937\" target=\"_blank\" rel=\"noopener\"><strong>RESULTATS 1\u00e9re et 2\u00e8me SERIE<\/strong><\/a><\/p>\n<p dir=\"ltr\"><a href=\"https:\/\/pages.ffgolf.org\/resultats\/resultats-details\/8986b22e6f493691cc71534be6847c02\/2501387941\" target=\"_blank\" rel=\"noopener\">RESULTATS 3\u00e8me\u00a0 SERIE<\/a><\/p>\n<p dir=\"ltr\"><a href=\"https:\/\/pages.ffgolf.org\/resultats\/resultats-details\/8986b22e6f493691cc71534be6847c02\/2501391772\" target=\"_blank\" rel=\"noopener\">RESULTATS SERIE MIXTE U12\u00a0<\/a><\/p>\n<p dir=\"ltr\"><a href=\"https:\/\/asgolfdepessac.com\/wp-content\/uploads\/2025\/09\/reglement-championnat-du-Club-2025.pdf\" target=\"_blank\" rel=\"noopener\">REGLEMENT\u00a0 du championnat\u00a0 2025<\/a><\/p>\n<p dir=\"ltr\"><strong>LES CHAMPIONS DU CLUB 2024<\/strong><\/p>\n<table width=\"639\">\n<tbody>\n<tr>\n<td width=\"157\">\u00a0<\/td>\n<td width=\"262\">MESSIEURS<\/td>\n<td width=\"220\">DAMES<\/td>\n<\/tr>\n<tr>\n<td>1er SERIE<\/td>\n<td>Antoine BROQUERE<\/td>\n<td>Manon LE GALES<\/td>\n<\/tr>\n<tr>\n<td>2\u00e8me SERIE<\/td>\n<td>Aiden LARRE-LARROUY<\/td>\n<td><\/td>\n<\/tr>\n<tr>\n<td>3\u00e8me SERIE<\/td>\n<td>Enzo MALARTRIGUES<\/td>\n<td>Emeline NADAL<\/td>\n<\/tr>\n<tr>\n<td>Para Golf<\/td>\n<td colspan=\"2\">Florence DARNIS<\/td>\n<\/tr>\n<\/tbody>\n<\/table>\n<p><a href=\"https:\/\/pages.ffgolf.org\/resultats\/resultats-details\/8986b22e6f493691cc71534be6847c02\/2401277325\" target=\"_blank\" rel=\"noopener\" style=\"font-size: revert;\"><strong>RESULTATS 1\u00e9re et 2\u00e8me SERIE<\/strong><\/a><\/p>\n<p dir=\"ltr\"><a href=\"https:\/\/pages.ffgolf.org\/resultats\/resultats-details\/8986b22e6f493691cc71534be6847c02\/2401277342\" target=\"_blank\" rel=\"noopener\">RESULTATS 3\u00e8me\u00a0 SERIE<\/a><\/p>\n<p dir=\"ltr\"><strong>PARTENAIRES<\/strong> :\u00a0<\/p>\n<p><strong style=\"font-size: revert; color: initial;\">Formule de Jeu du 18T (Blanc Bleu) :\u00a0<\/strong><\/p>\n<ul>\n<li>1 s\u00e9rie Messieurs : Strokeplay\u00a0 Rep\u00e8re blanc index inf\u00e9rieur ou \u00e9gal \u00e0 11.4<\/li>\n<li>1 s\u00e9rie\u00a0Dames : Strokeplay Rep\u00e8re Bleu\u00a0 index inf\u00e9rieur ou \u00e9gal\u00a0 \u00e0 15.4<\/li>\n<li>2 s\u00e9rie Messieurs : Stableford Rep\u00e8re jaune index sup\u00e9rieur \u00e0 11.5 et inf\u00e9rieur ou \u00e9gal \u00e0 24.4<\/li>\n<li>2 s\u00e9rie\u00a0\u00a0Dames : Stableford Rep\u00e8re rouge\u00a0 index sup\u00e9rieur \u00e0 15.5 et inf\u00e9rieur ou \u00e9gal \u00e0 24.4<\/li>\n<li>3 s\u00e9rie Messieurs : Stableford Rep\u00e8re jaune index sup\u00e9rieur \u00e0 24.5\u00a0<\/li>\n<li>3 s\u00e9rie Dames\u00a0 : Stableford Rep\u00e8re rouge index sup\u00e9rieur \u00e0 24.5<\/li>\n<\/ul>\n<p><strong>Serie U12<\/strong> : Score Maximum sur le 9T ROUGE\u00a0<\/p>\n<p><strong><span style=\"color: #ff0000;\">Les s\u00e9ries seront d\u00e9termin\u00e9es<\/span> <span style=\"color: #ff0000;\">par l&rsquo;INDEX du joueur enregistr\u00e9 le\u00a0 mardi 15\/10\/2024<\/span><\/strong>\u00a0 \u00a0<\/p>\n<p><b>PARA GOLF : le champion du club Para Golf r\u00e9alisera le meilleur score en net le dimanche 26 octobre toutes s\u00e9ries confondues <\/b><em>(informer \u00e0 asgolfdepessac@gmail.com du statut paragolf )<\/em><\/p>\n<p>D\u00e9part en ligne 1er d\u00e9part 8H30 puis toutes les 10 minutes<\/p>\n<p><strong>Cut apr\u00e8s le premier tour<\/strong><span>\u00a0<\/span>d\u00e9pendant du nombre d\u2019inscrits en 3\u00e8me\u00a0s\u00e9rie (limit\u00e9 \u00e0 30)<\/p>\n<p>Le dimanche se jouera dans l\u2019ordre suivant 3\u00e8me s\u00e9rie messieurs et dames (ordre des index ), 2\u00e8me s\u00e9rie Messieurs et Dames (inverse des r\u00e9sultats du Samedi, 1\u00e8re s\u00e9rie Messieurs et Dames (inverse des r\u00e9sultats du samedi )<\/p>\n<p>Le<span>\u00a0<\/span><a href=\"https:\/\/asgolfdepessac.com\/wp-content\/uploads\/2025\/03\/ReglementCompetition-ASGP-2025-A.pdf\" target=\"_blank\" rel=\"noopener\">r\u00e8glement<\/a><span>\u00a0<\/span>des comp\u00e9titions organis\u00e9es par l\u2019AS PESSAC est applicable<\/p>\n<p>Cette comp\u00e9tition est limit\u00e9e \u00e0 90 joueurs. Les joueurs retenus seront dans l\u2019ordre strict des inscrits\u00a0<\/p>\n<p>L\u2019inscription au championnat du club ne sera pas accept\u00e9 si le r\u00e8glement du droit de jeu n\u2019est pas effectu\u00e9 ( Les joueurs en liste d\u2019attente non retenus seront rembours\u00e9s)<\/p>\n<p><strong>Partenaires :<\/strong><\/p>\n<p dir=\"ltr\"><strong>LES CHAMPIONS DU CLUB 2023<\/strong><\/p>\n<table width=\"639\">\n<tbody>\n<tr>\n<td width=\"157\">\u00a0<\/td>\n<td width=\"262\">MESSIEURS<\/td>\n<td width=\"220\">DAMES<\/td>\n<\/tr>\n<tr>\n<td>1er SERIE<\/td>\n<td>Antoine BROQUERE<\/td>\n<td>Valerie LINARES<\/td>\n<\/tr>\n<tr>\n<td>2\u00e8me SERIE<\/td>\n<td>Arthur DUBROCA MARSAN<\/td>\n<td>Daniele BUGE<\/td>\n<\/tr>\n<tr>\n<td>3\u00e8me SERIE<\/td>\n<td>Philippe MONCHAUZOU<\/td>\n<td>Alexandrine PARRAIN<\/td>\n<\/tr>\n<tr>\n<td>U12<\/td>\n<td colspan=\"2\">Aiden LARRE LARROUY<\/td>\n<\/tr>\n<\/tbody>\n<\/table>\n<p><a href=\"https:\/\/pages.ffgolf.org\/resultats\/resultats-details\/8986b22e6f493691cc71534be6847c02\/2301102426\" target=\"_blank\" rel=\"noopener\">RESULTATS SERIES 1 et 2<\/a><a href=\"https:\/\/asgolfdepessac.com\/wp-content\/uploads\/2022\/11\/championnat-du-Club-2022-dames-serie-2.pdf\" target=\"_blank\" rel=\"noopener\"><\/a><\/p>\n<p><a href=\"https:\/\/pages.ffgolf.org\/resultats\/resultats-details\/8986b22e6f493691cc71534be6847c02\/2301113689\" target=\"_blank\" rel=\"noopener\">RESULTATS SERIE 3<\/a><\/p>\n<p><a href=\"https:\/\/pages.ffgolf.org\/resultats\/resultats-details\/8986b22e6f493691cc71534be6847c02\/2200935528\" target=\"_blank\" rel=\"noopener\">RESULTATS U12<\/a><\/p>\n\n\n<figure class=\"wp-block-image size-large\"><img loading=\"lazy\" decoding=\"async\" width=\"1024\" height=\"487\" src=\"https:\/\/asgolfdepessac.com\/wp-content\/uploads\/2023\/10\/champions-du-CLUB-2023-1024x487.jpg\" alt=\"\" class=\"wp-image-5664\" srcset=\"https:\/\/asgolfdepessac.com\/wp-content\/uploads\/2023\/10\/champions-du-CLUB-2023-1024x487.jpg 1024w, https:\/\/asgolfdepessac.com\/wp-content\/uploads\/2023\/10\/champions-du-CLUB-2023-300x143.jpg 300w, https:\/\/asgolfdepessac.com\/wp-content\/uploads\/2023\/10\/champions-du-CLUB-2023-768x365.jpg 768w, https:\/\/asgolfdepessac.com\/wp-content\/uploads\/2023\/10\/champions-du-CLUB-2023-1536x730.jpg 1536w, https:\/\/asgolfdepessac.com\/wp-content\/uploads\/2023\/10\/champions-du-CLUB-2023-2048x973.jpg 2048w\" sizes=\"auto, (max-width: 1024px) 100vw, 1024px\" \/><\/figure>\n\n\n\n<p><\/p>\n\n\n\n<p><\/p>\n\n\n\n<p><\/p>\n\n\n<p>Formule de Jeu du 18T (Blanc Bleu) :\u00a0<\/p>\n<p>1 s\u00e9rie Messieurs : Strokeplay\u00a0 Rep\u00e8re blanc index inf\u00e9rieur ou \u00e9gal \u00e0 11.4<\/p>\n<p>1 s\u00e9rie\u00a0Dames : Strokeplay Rep\u00e8re Bleu\u00a0 index inf\u00e9rieur ou \u00e9gal\u00a0 \u00e0 15.4<\/p>\n<p>2 s\u00e9rie Messieurs : Stableford Rep\u00e8re jaune index sup\u00e9rieur \u00e0 11.5 et inf\u00e9rieur ou \u00e9gal \u00e0 24.4<\/p>\n<p>2 s\u00e9rie\u00a0\u00a0Dames : Stableford Rep\u00e8re rouge\u00a0 index sup\u00e9rieur \u00e0 15.5 et inf\u00e9rieur ou \u00e9gal \u00e0 24.4<\/p>\n<p>3 s\u00e9rie Messieurs : Stableford Rep\u00e8re jaune index sup\u00e9rieur \u00e0 24.5\u00a0<\/p>\n<p>3 s\u00e9rie Dames\u00a0 : Stableford Rep\u00e8re rouge index sup\u00e9rieur \u00e0 24.5<\/p>\n<p><strong><span style=\"color: #ff0000;\">Les s\u00e9ries seront d\u00e9termin\u00e9es<\/span> <span style=\"color: #ff0000;\">par l&rsquo;INDEX du joueur enregistr\u00e9 le 16\/10\/2023<\/span><\/strong>\u00a0 \u00a0<\/p>\n<p><b>PARA GOLF : le champion du club Para Golf r\u00e9alisera le meilleur score en net le dimanche 30 octobre toutes s\u00e9ries confondues <\/b><em>(informer \u00e0 asgolfdepessac@gmail.com du statut paragolf )<\/em><\/p>\n<p>D\u00e9part en ligne 1er d\u00e9part 8H30 puis toutes les 10 minutes<\/p>\n<p><strong>Cut apr\u00e8s le premier tour<\/strong><span>\u00a0<\/span>d\u00e9pendant du nombre d\u2019inscrits en 3\u00e8me\u00a0s\u00e9rie (limit\u00e9 \u00e0 30)<\/p>\n<p>Le dimanche se jouera dans l\u2019ordre suivant 3\u00e8me s\u00e9rie messieurs et dames (ordre des index ), 2\u00e8me s\u00e9rie Messieurs et Dames (inverse des r\u00e9sultats du Samedi, 1\u00e8re s\u00e9rie Messieurs et Dames (inverse des r\u00e9sultats du samedi )<\/p>\n<p>Le<span>\u00a0<\/span><a href=\"https:\/\/asgolfdepessac.com\/wp-content\/uploads\/2021\/10\/REGLEMENTcompetition-golf.pdf\" target=\"_blank\" rel=\"noreferrer noopener\">r\u00e8glement<\/a><span>\u00a0<\/span>des comp\u00e9titions organis\u00e9es par l\u2019AS PESSAC est applicable<\/p>\n<p>Cette comp\u00e9tition est limit\u00e9e \u00e0 90 joueurs. Les joueurs retenus seront dans l\u2019ordre strict des inscrits\u00a0<\/p>\n<p>L\u2019inscription au championnat du club ne sera pas accept\u00e9 si le r\u00e8glement du droit de jeu n\u2019est pas effectu\u00e9 ( Les joueurs en liste d\u2019attente non retenus seront rembours\u00e9s)<\/p>\n\n\n<p><\/p>\n","protected":false},"excerpt":{"rendered":"<p>DATE : 25 et 26 Octobre\u00a0\u00a0 LES CHAMPIONS DU CLUB 2025 \u00a0 MESSIEURS DAMES 1\u00e8re SERIE Jules GASNIER Manon LE GALES 2\u00e8me SERIE Stephane BERGBAUM Charlotte BIDEAU 3\u00e8me SERIE Romain TAILLARD Quitterie DERVAL U12 Nathan BATTU RESULTATS 1\u00e9re et 2\u00e8me SERIE RESULTATS 3\u00e8me\u00a0 SERIE RESULTATS SERIE MIXTE U12\u00a0 REGLEMENT\u00a0 du [&hellip;]<\/p>\n","protected":false},"author":1,"featured_media":52,"parent":502,"menu_order":0,"comment_status":"closed","ping_status":"closed","template":"","meta":{"footnotes":""},"class_list":["post-1024","page","type-page","status-publish","has-post-thumbnail","hentry"],"_links":{"self":[{"href":"https:\/\/asgolfdepessac.com\/index.php\/wp-json\/wp\/v2\/pages\/1024","targetHints":{"allow":["GET"]}}],"collection":[{"href":"https:\/\/asgolfdepessac.com\/index.php\/wp-json\/wp\/v2\/pages"}],"about":[{"href":"https:\/\/asgolfdepessac.com\/index.php\/wp-json\/wp\/v2\/types\/page"}],"author":[{"embeddable":true,"href":"https:\/\/asgolfdepessac.com\/index.php\/wp-json\/wp\/v2\/users\/1"}],"replies":[{"embeddable":true,"href":"https:\/\/asgolfdepessac.com\/index.php\/wp-json\/wp\/v2\/comments?post=1024"}],"version-history":[{"count":0,"href":"https:\/\/asgolfdepessac.com\/index.php\/wp-json\/wp\/v2\/pages\/1024\/revisions"}],"up":[{"embeddable":true,"href":"https:\/\/asgolfdepessac.com\/index.php\/wp-json\/wp\/v2\/pages\/502"}],"wp:featuredmedia":[{"embeddable":true,"href":"https:\/\/asgolfdepessac.com\/index.php\/wp-json\/wp\/v2\/media\/52"}],"wp:attachment":[{"href":"https:\/\/asgolfdepessac.com\/index.php\/wp-json\/wp\/v2\/media?parent=1024"}],"curies":[{"name":"wp","href":"https:\/\/api.w.org\/{rel}","templated":true}]}}