{"id":10846,"date":"2025-04-11T05:47:16","date_gmt":"2025-04-11T03:47:16","guid":{"rendered":"https:\/\/asgolfdepessac.com\/?page_id=10846"},"modified":"2025-04-11T06:28:08","modified_gmt":"2025-04-11T04:28:08","slug":"regle-n22-foursome-ou-coups-alternes","status":"publish","type":"page","link":"https:\/\/asgolfdepessac.com\/index.php\/regle-n22-foursome-ou-coups-alternes\/","title":{"rendered":"R\u00e8gle n\u00b022 &#8211; Foursome ou coups altern\u00e9s"},"content":{"rendered":"\n<p class=\"has-text-align-center has-black-color has-background-color-background-color has-text-color has-background has-link-color has-medium-font-size wp-elements-8711d2a2ad05a076adab9520acd7a2fe\"><strong><a href=\"https:\/\/asgolfdepessac.com\/index.php\/clarification-de-la-regle-22\/\">Clarifications<\/a><\/strong><\/p>\n\n\n\n<p class=\"has-black-color has-background-color-background-color has-text-color has-background has-link-color wp-elements-f0de700af3dba75e55f08c862e21fc26\"><strong>Objet de la R\u00e8gle :<\/strong><br>La R\u00e8gle 22 traite du Foursome (jou\u00e9 aussi bien en match play qu\u2019en stroke play)dans lequel deux partenaires concourent ensemble en tant que camp en jouant alternativement les coups sur une seule balle. Les R\u00e8gles pour cette forme de jeu sont essentiellement les m\u00eames que pour le jeu en individuel, sauf qu\u2019elles exigent des partenaires de prendre alternativement le d\u00e9part pour commencer un trou et de jouer chaque trou en alternant les coups.<br><strong>22.1 Principe du Foursome<\/strong><br>Le Foursome (\u00e9galement connu sous l\u2019appellation Coups altern\u00e9s) est une forme de jeu impliquant des partenaires (que ce soit en match play ou en stroke play) dans laquelle deux partenaires concourent en tant que camp en jouant alternativement une seule balle sur chaque trou.<br>Les R\u00e8gles 1-20 s\u2019appliquent \u00e0 cette forme de jeu (le camp jouant une balle \u00e9tant consid\u00e9r\u00e9 comme l\u2019est un joueur individuel), mais avec les modifications apport\u00e9es par les R\u00e8gles particuli\u00e8res suivantes.<br>Il existe une variante de cette forme de jeu en match play connue sous le nom de Threesome, o\u00f9 un joueur individuel concourt contre un camp de deux partenaires qui jouent alternativement selon ces R\u00e8gles particuli\u00e8res.<\/p>\n\n\n\n<p class=\"has-black-color has-background-color-background-color has-text-color has-background has-link-color wp-elements-9b2d41f523e0de73517d2def8130f304\"><strong>22.2 Chaque partenaire peut agir pour le compte du camp<\/strong><br>Comme les deux partenaires concourent en tant que camp ne jouant qu\u2019une seule balle :<br>\u2022 Chaque partenaire peut entreprendre toute action autoris\u00e9e pour le compte du camp avant que le coup ne soit jou\u00e9, par ex. marquer l\u2019emplacement de la balle et relever, replacer, dropper ou placer la balle ; peu importe quel est le partenaire dont c\u2019est le tour de jouer pour le compte du camp.<br>\u2022 Un partenaire et son cadet peuvent aider l\u2019autre partenaire de toutes les mani\u00e8res que le cadet de l\u2019autre partenaire est lui-m\u00eame autoris\u00e9 \u00e0 le faire (par ex. donner un conseil ou \u00eatre questionn\u00e9 pour en avoir un, et entreprendre les autres actions autoris\u00e9es selon la R\u00e8gle 10), mais ils ne doivent fournir aucune aide que le cadet de l\u2019autre partenaire n\u2019est pas autoris\u00e9 \u00e0 fournir selon les R\u00e8gles.<br>\u2022 Toute action entreprise, ou toute infraction aux R\u00e8gles, par l\u2019un ou l\u2019autre des partenaires ou de leurs cadets, sont imputables au camp.<br>En stroke play, un seul partenaire est tenu de certifier les scores du camp pour chaque trou sur la carte de score (voir R\u00e8gle 3.3b).<\/p>\n\n\n\n<p class=\"has-black-color has-background-color-background-color has-text-color has-background has-link-color wp-elements-615b97126b7265833dccdf940998095c\"><strong>22.3 Le camp doit jouer les coups alternativement<\/strong><br>Sur chaque trou, les partenaires doivent jouer alternativement chaque coup pour le compte du camp :<br>\u2022 Les partenaires doivent alterner l\u2019ordre dans lequel ils jouent en premier depuis la zone de d\u00e9part de chaque trou.<br>\u2022 Apr\u00e8s le premier coup du camp depuis la zone de d\u00e9part d\u2019un trou, les partenaires doivent jouer alternativement les coups pour le reste du trou.<br>\u2022 Si un coup est annul\u00e9, rejou\u00e9 ou pour une autre raison ne compte pas selon une R\u00e8gle quelconque (sauf quand un coup est jou\u00e9 dans un ordre incorrect en infraction avec cette R\u00e8gle), le m\u00eame partenaire qui avait jou\u00e9 le coup doit jouer le coup suivant pour le compte du camp.<br>\u2022 Si le camp d\u00e9cide de jouer une balle provisoire, elle doit \u00eatre jou\u00e9e par le partenaire dont c\u2019est le tour de jouer le coup suivant pour le compte du camp.<br>Les coups de p\u00e9nalit\u00e9 encourus par le camp ne modifient pas l\u2019ordre du jeu altern\u00e9 des partenaires.<br><em><strong>P\u00e9nalit\u00e9 pour avoir jou\u00e9 un coup dans un ordre incorrect en infraction avec la R\u00e8gle 22.3 : p\u00e9nalit\u00e9 g\u00e9n\u00e9rale.<\/strong><\/em><br>En stroke play, le camp doit corriger l\u2019erreur :<br>\u2022 Le partenaire appropri\u00e9 doit jouer un coup d\u2019o\u00f9 le camp avait jou\u00e9 le premier coup dans un ordre incorrect (voir R\u00e8gle 14.6).<br>\u2022 Le coup jou\u00e9 dans un ordre incorrect et tous les autres coups avant correction de l\u2019erreur (\u00e0 savoir les coups jou\u00e9s et tous les coups de p\u00e9nalit\u00e9 encourus uniquement en jouant cette balle) ne comptent pas.<br>\u2022 Si le camp ne corrige pas l\u2019erreur avant de jouer un coup pour commencer un autre trou, ou dans le cas du dernier trou du tour avant de rendre sa carte de score, le camp est disqualifi\u00e9.<\/p>\n\n\n\n<p class=\"has-black-color has-background-color-background-color has-text-color has-background has-link-color wp-elements-324e5b58fb65d0b2a46d58ff37ea1c6e\"><strong>22.4 Commencer le tour<\/strong><br><strong>22.4a Partenaire jouant en premier<\/strong><br>Le camp peut choisir quel partenaire jouera de la premi\u00e8re zone de d\u00e9part au commencement du tour, \u00e0 moins que le R\u00e8glement de la Comp\u00e9tition ne pr\u00e9cise quel partenaire doit jouer en premier.<br>Le tour pour le camp commence quand ce partenaire joue un coup pour commencer le premier trou du camp.<br><strong>22.4b Heure de d\u00e9part et point de d\u00e9part<\/strong><br>La R\u00e8gle 5.3a s\u2019applique diff\u00e9remment \u00e0 chaque partenaire en fonction de ce lui qui jouera en premier pour le compte du camp :<br>\u2022 Le partenaire qui jouera en premier doit \u00eatre pr\u00eat \u00e0 jouer \u00e0 l\u2019heure de d\u00e9part et au point de d\u00e9part et doit d\u00e9marrer \u00e0 cette heure-l\u00e0 (et pas plus t\u00f4t).<br>\u2022 Le partenaire qui jouera en second doit \u00eatre pr\u00e9sent \u00e0 l\u2019heure de d\u00e9part, soit au point de d\u00e9part, soit sur le trou jou\u00e9, pr\u00e8s de l\u2019endroit o\u00f9 devrait venir reposer la balle jou\u00e9e de la zone de d\u00e9part.<br>Si l\u2019un des partenaires n\u2019est pas pr\u00e9sent comme indiqu\u00e9 ci-dessus, le camp est en infraction avec la R\u00e8gle 5.3a.<\/p>\n\n\n\n<p class=\"has-black-color has-background-color-background-color has-text-color has-background has-link-color wp-elements-375dd7b71342483e4bb869c9aaa30fc7\"><strong>22.5 Les partenaires peuvent partager des clubs<\/strong><br>La R\u00e8gle 4.1b(2) est modifi\u00e9e pour permettre aux partenaires de partager des clubs, \u00e0 condition que le nombre total de clubs qu\u2019ils poss\u00e8dent ensemble ne soit pas sup\u00e9rieur \u00e0 14.<\/p>\n\n\n\n<p class=\"has-black-color has-background-color-background-color has-text-color has-background has-link-color wp-elements-7b2e1030abed59d66dc849feb4d69c68\"><strong>22.6 Restriction pour un joueur \u00e0 se tenir derri\u00e8re son partenaire lorsque le coup est jou\u00e9<\/strong><br>En plus des limitations de la R\u00e8gle 10.2b(4), un joueur ne doit pas se tenir sur ou \u00e0 proximit\u00e9 d\u2019une extension de la ligne de jeu derri\u00e8re la balle pendant que son partenaire joue un coup afin d\u2019en tirer des informations pour le prochain coup du camp.<br><strong><em>P\u00e9nalit\u00e9 pour infraction \u00e0 la R\u00e8gle 22.6 : p\u00e9nalit\u00e9 g\u00e9n\u00e9rale.<\/em><\/strong><\/p>\n","protected":false},"excerpt":{"rendered":"<p>Clarifications Objet de la R\u00e8gle :La R\u00e8gle 22 traite du Foursome (jou\u00e9 aussi bien en match play qu\u2019en stroke play)dans lequel deux partenaires concourent ensemble en tant que camp en jouant alternativement les coups sur une seule balle. Les R\u00e8gles pour cette forme de jeu sont essentiellement les m\u00eames que [&hellip;]<\/p>\n","protected":false},"author":8,"featured_media":9462,"parent":0,"menu_order":0,"comment_status":"closed","ping_status":"closed","template":"","meta":{"footnotes":""},"class_list":["post-10846","page","type-page","status-publish","has-post-thumbnail","hentry"],"_links":{"self":[{"href":"https:\/\/asgolfdepessac.com\/index.php\/wp-json\/wp\/v2\/pages\/10846","targetHints":{"allow":["GET"]}}],"collection":[{"href":"https:\/\/asgolfdepessac.com\/index.php\/wp-json\/wp\/v2\/pages"}],"about":[{"href":"https:\/\/asgolfdepessac.com\/index.php\/wp-json\/wp\/v2\/types\/page"}],"author":[{"embeddable":true,"href":"https:\/\/asgolfdepessac.com\/index.php\/wp-json\/wp\/v2\/users\/8"}],"replies":[{"embeddable":true,"href":"https:\/\/asgolfdepessac.com\/index.php\/wp-json\/wp\/v2\/comments?post=10846"}],"version-history":[{"count":0,"href":"https:\/\/asgolfdepessac.com\/index.php\/wp-json\/wp\/v2\/pages\/10846\/revisions"}],"wp:featuredmedia":[{"embeddable":true,"href":"https:\/\/asgolfdepessac.com\/index.php\/wp-json\/wp\/v2\/media\/9462"}],"wp:attachment":[{"href":"https:\/\/asgolfdepessac.com\/index.php\/wp-json\/wp\/v2\/media?parent=10846"}],"curies":[{"name":"wp","href":"https:\/\/api.w.org\/{rel}","templated":true}]}}