{"id":12477,"date":"2025-10-10T08:56:59","date_gmt":"2025-10-10T06:56:59","guid":{"rendered":"https:\/\/asgolfdepessac.com\/?page_id=12477"},"modified":"2025-10-12T20:54:14","modified_gmt":"2025-10-12T18:54:14","slug":"octobre-rose-distribution-chaussetes","status":"publish","type":"page","link":"https:\/\/asgolfdepessac.com\/index.php\/activites\/octobre-rose-distribution-chaussetes\/","title":{"rendered":"OCTOBRE ROSE DISTRIBUTION CHAUSSETTES"},"content":{"rendered":"<p style=\"text-align: left;\"><strong>\u00a0Vous avez command\u00e9 des chaussettes dans le cadre du mois Octobre Rose.<\/strong><\/p>\n<p style=\"text-align: left;\"><strong>Ces chaussettes peuvent vous \u00eatre remises au club house du golf de Pessac suivant le planning ci- dessous.<\/strong><\/p>\n<p>Ce planning pourra \u00e9voluer suivant la disponibilit\u00e9 des b\u00e9n\u00e9voles charg\u00e9s de cette op\u00e9ration.<\/p>\n<table width=\"644\">\n<tbody>\n<tr>\n<td width=\"225\">DATE<\/td>\n<td width=\"127\">HEURE DEBUT<\/td>\n<td width=\"101\">HEURE FIN<\/td>\n<td width=\"191\">RESPONSABLE<\/td>\n<\/tr>\n<tr>\n<td>Samedi 11\u00a0 octobre 2025<\/td>\n<td>16H30<\/td>\n<td>17H30<\/td>\n<td>Manon LE GALES<\/td>\n<\/tr>\n<tr>\n<td>mercredi 15 octobre 2025<\/td>\n<td>12H30<\/td>\n<td>13H30<\/td>\n<td>Annul\u00e9<\/td>\n<\/tr>\n<tr>\n<td>mercredi 15 octobre 2025<\/td>\n<td>17H00<\/td>\n<td>18H30<\/td>\n<td width=\"191\">Daniel LIGOT<br \/>Marie Claude SKORA<\/td>\n<\/tr>\n<tr>\n<td>samedi 18 octobre 2025<\/td>\n<td>10H00<\/td>\n<td>11H00<\/td>\n<td>Daniel LIGOT<\/td>\n<\/tr>\n<tr>\n<td>samedi 18 octobre 2025<\/td>\n<td>13H30<\/td>\n<td>14H00<\/td>\n<td>Marie Claude SKORA<\/td>\n<\/tr>\n<tr>\n<td>samedi 25 octobre 2025<\/td>\n<td>16H00<\/td>\n<td>18H00<\/td>\n<td>Jean RICHER<\/td>\n<\/tr>\n<tr>\n<td>dimanche 26 octobre 2025<\/td>\n<td>16H00<\/td>\n<td>18H00<\/td>\n<td>Jean RICHER<\/td>\n<\/tr>\n<tr>\n<td>mardi 4 novembre 2025<\/td>\n<td>15H00<\/td>\n<td>17H00<\/td>\n<td>Christine COZZAROLO<\/td>\n<\/tr>\n<\/tbody>\n<\/table>\n\n\n<p><\/p>\n","protected":false},"excerpt":{"rendered":"<p>\u00a0Vous avez command\u00e9 des chaussettes dans le cadre du mois Octobre Rose. Ces chaussettes peuvent vous \u00eatre remises au club house du golf de Pessac suivant le planning ci- dessous. Ce planning pourra \u00e9voluer suivant la disponibilit\u00e9 des b\u00e9n\u00e9voles charg\u00e9s de cette op\u00e9ration. DATE HEURE DEBUT HEURE FIN RESPONSABLE Samedi [&hellip;]<\/p>\n","protected":false},"author":14,"featured_media":52,"parent":502,"menu_order":0,"comment_status":"closed","ping_status":"closed","template":"","meta":{"footnotes":""},"class_list":["post-12477","page","type-page","status-publish","has-post-thumbnail","hentry"],"_links":{"self":[{"href":"https:\/\/asgolfdepessac.com\/index.php\/wp-json\/wp\/v2\/pages\/12477","targetHints":{"allow":["GET"]}}],"collection":[{"href":"https:\/\/asgolfdepessac.com\/index.php\/wp-json\/wp\/v2\/pages"}],"about":[{"href":"https:\/\/asgolfdepessac.com\/index.php\/wp-json\/wp\/v2\/types\/page"}],"author":[{"embeddable":true,"href":"https:\/\/asgolfdepessac.com\/index.php\/wp-json\/wp\/v2\/users\/14"}],"replies":[{"embeddable":true,"href":"https:\/\/asgolfdepessac.com\/index.php\/wp-json\/wp\/v2\/comments?post=12477"}],"version-history":[{"count":0,"href":"https:\/\/asgolfdepessac.com\/index.php\/wp-json\/wp\/v2\/pages\/12477\/revisions"}],"up":[{"embeddable":true,"href":"https:\/\/asgolfdepessac.com\/index.php\/wp-json\/wp\/v2\/pages\/502"}],"wp:featuredmedia":[{"embeddable":true,"href":"https:\/\/asgolfdepessac.com\/index.php\/wp-json\/wp\/v2\/media\/52"}],"wp:attachment":[{"href":"https:\/\/asgolfdepessac.com\/index.php\/wp-json\/wp\/v2\/media?parent=12477"}],"curies":[{"name":"wp","href":"https:\/\/api.w.org\/{rel}","templated":true}]}}