{"id":12535,"date":"2025-10-13T15:08:51","date_gmt":"2025-10-13T13:08:51","guid":{"rendered":"https:\/\/asgolfdepessac.com\/?page_id=12535"},"modified":"2026-04-13T09:12:57","modified_gmt":"2026-04-13T07:12:57","slug":"actualites","status":"publish","type":"page","link":"https:\/\/asgolfdepessac.com\/index.php\/actualites\/","title":{"rendered":"ACTUALITES"},"content":{"rendered":"\n<div class=\"wp-block-columns is-layout-flex wp-container-core-columns-is-layout-28f84493 wp-block-columns-is-layout-flex\">\n<div class=\"wp-block-column is-layout-flow wp-block-column-is-layout-flow\"><div class=\"wp-block-image\">\n<figure class=\"aligncenter size-full is-resized\"><a href=\"https:\/\/www.facebook.com\/As-Golf-De-Pessac-101310426092151\" target=\"_blank\" rel=\"noreferrer noopener\"><img loading=\"lazy\" decoding=\"async\" width=\"397\" height=\"127\" src=\"https:\/\/asgolfdepessac.com\/wp-content\/uploads\/2022\/09\/facebook.png\" alt=\"\" class=\"wp-image-3500\" style=\"aspect-ratio:3.141732283464567;width:399px;height:auto\" srcset=\"https:\/\/asgolfdepessac.com\/wp-content\/uploads\/2022\/09\/facebook.png 397w, https:\/\/asgolfdepessac.com\/wp-content\/uploads\/2022\/09\/facebook-300x96.png 300w\" sizes=\"auto, (max-width: 397px) 100vw, 397px\" \/><\/a><\/figure>\n<\/div><\/div>\n\n\n\n<div class=\"wp-block-column is-layout-flow wp-block-column-is-layout-flow\"><div class=\"wp-block-image\">\n<figure class=\"aligncenter size-full is-resized\"><a href=\"https:\/\/www.instagram.com\/asgolfpessac\/\" target=\"_blank\" rel=\"noreferrer noopener\"><img loading=\"lazy\" decoding=\"async\" width=\"549\" height=\"210\" src=\"https:\/\/asgolfdepessac.com\/wp-content\/uploads\/2022\/09\/instagram.png\" alt=\"\" class=\"wp-image-3502\" style=\"width:301px;height:114px\" srcset=\"https:\/\/asgolfdepessac.com\/wp-content\/uploads\/2022\/09\/instagram.png 549w, https:\/\/asgolfdepessac.com\/wp-content\/uploads\/2022\/09\/instagram-300x115.png 300w\" sizes=\"auto, (max-width: 549px) 100vw, 549px\" \/><\/a><\/figure>\n<\/div><\/div>\n<\/div>\n\n\n\n<div style=\"height:46px\" aria-hidden=\"true\" class=\"wp-block-spacer\"><\/div>\n\n\n\n<p class=\"has-medium-font-size\"><strong>Le 12 avril 2026<\/strong><\/p>\n\n\n\n<p><a href=\"https:\/\/asgolfdepessac.com\/wp-content\/uploads\/2026\/03\/Challenge-PP-2026-1.pdf\" target=\"_blank\" rel=\"noreferrer noopener\">R\u00e9sultats du P&amp;P T2<\/a><\/p>\n\n\n\n<p><a href=\"https:\/\/asgolfdepessac.com\/index.php\/activites\/resultats-2026\/\" data-type=\"page\" data-id=\"13182\" target=\"_blank\" rel=\"noreferrer noopener\">R\u00e9sultats  Equipes S\u00e9niors 2 Messieurs U16 Filles et Garcons <\/a><\/p>\n\n\n\n<p><strong>U16 Gar\u00e7ons montent en D1 LIGUE<\/strong><\/p>\n\n\n\n<p><strong><strong>Le 31 Mars 2026<\/strong><\/strong><\/p>\n\n\n\n<p class=\"has-medium-font-size\">Christian BOUDAL \u00e9lu Pr\u00e9sident de la Commission Sportive<\/p>\n\n\n\n<p class=\"has-medium-font-size\"><strong><strong>Le 25 Mars 2026<\/strong><\/strong><\/p>\n\n\n\n<p class=\"has-medium-font-size\"><a href=\"https:\/\/asgolfdepessac.com\/index.php\/activites\/match-play\/\" data-type=\"page\" data-id=\"518\">Match Play T1<\/a><\/p>\n\n\n\n<p><a href=\"https:\/\/asgolfdepessac.com\/index.php\/activites\/interclubs-en-net-mixte-dhiver\/\" data-type=\"page\" data-id=\"992\">R\u00e9sultats et classement interclubs mixte<\/a><\/p>\n\n\n\n<p><a href=\"https:\/\/asgolfdepessac.com\/index.php\/activites\/resultats-2026\/\" data-type=\"page\" data-id=\"13182\">Seniors 2 : r\u00e9sultat championnat ligue<\/a><\/p>\n\n\n\n<p class=\"has-medium-font-size\"><a href=\"https:\/\/pages.ffgolf.org\/resultats\/resultats-details\/8986b22e6f493691cc71534be6847c02\/2501396634\" target=\"_blank\" rel=\"noreferrer noopener\">Eclectic T6 r\u00e9sultats<\/a><\/p>\n\n\n\n<p class=\"has-medium-font-size\"><strong><strong>Le 11 Mars 2026<\/strong><\/strong><\/p>\n\n\n\n<p class=\"has-medium-font-size\"><a href=\"https:\/\/asgolfdepessac.com\/wp-content\/uploads\/2026\/03\/Challenge-PP-2026-1.pdf\" target=\"_blank\" rel=\"noreferrer noopener\">P&amp;P T1 R\u00e9sultats<\/a><\/p>\n\n\n\n<h4 class=\"wp-block-heading has-medium-font-size\"><strong>Le 10 Mars 2026<\/strong><\/h4>\n\n\n\n<h4 class=\"wp-block-heading has-medium-font-size\"><a href=\"https:\/\/asgolfdepessac.com\/index.php\/activites\/match-play-hiver\/\" data-type=\"page\" data-id=\"8301\" target=\"_blank\" rel=\"noreferrer noopener\">Match play 9T<\/a><a href=\"https:\/\/asgolfdepessac.com\/index.php\/activites\/eclectique\/\" data-type=\"page\" data-id=\"709\" target=\"_blank\" rel=\"noreferrer noopener\"><\/a>&nbsp;: Le tour 4 est publi\u00e9<\/h4>\n\n\n\n<h4 class=\"wp-block-heading has-medium-font-size\"><strong>Le 11 F\u00e9vrier 2026<\/strong><\/h4>\n\n\n\n<h4 class=\"wp-block-heading has-medium-font-size\"><a href=\"https:\/\/asgolfdepessac.com\/index.php\/activites\/match-play\/\" data-type=\"page\" data-id=\"518\" target=\"_blank\" rel=\"noreferrer noopener\">Match play 18T<\/a><a href=\"https:\/\/asgolfdepessac.com\/index.php\/activites\/eclectique\/\" data-type=\"page\" data-id=\"709\" target=\"_blank\" rel=\"noreferrer noopener\"><\/a>&nbsp;: Les inscriptions sont ouvertes<\/h4>\n\n\n\n<h4 class=\"wp-block-heading has-medium-font-size\"><\/h4>\n\n\n\n<h4 class=\"wp-block-heading\"><\/h4>\n\n\n\n<p><\/p>\n\n\n\n<p><\/p>\n","protected":false},"excerpt":{"rendered":"<p>Le 12 avril 2026 R\u00e9sultats du P&amp;P T2 R\u00e9sultats Equipes S\u00e9niors 2 Messieurs U16 Filles et Garcons U16 Gar\u00e7ons montent en D1 LIGUE Le 31 Mars 2026 Christian BOUDAL \u00e9lu Pr\u00e9sident de la Commission Sportive Le 25 Mars 2026 Match Play T1 R\u00e9sultats et classement interclubs mixte Seniors 2 : [&hellip;]<\/p>\n","protected":false},"author":14,"featured_media":52,"parent":0,"menu_order":0,"comment_status":"closed","ping_status":"closed","template":"","meta":{"footnotes":""},"class_list":["post-12535","page","type-page","status-publish","has-post-thumbnail","hentry"],"_links":{"self":[{"href":"https:\/\/asgolfdepessac.com\/index.php\/wp-json\/wp\/v2\/pages\/12535","targetHints":{"allow":["GET"]}}],"collection":[{"href":"https:\/\/asgolfdepessac.com\/index.php\/wp-json\/wp\/v2\/pages"}],"about":[{"href":"https:\/\/asgolfdepessac.com\/index.php\/wp-json\/wp\/v2\/types\/page"}],"author":[{"embeddable":true,"href":"https:\/\/asgolfdepessac.com\/index.php\/wp-json\/wp\/v2\/users\/14"}],"replies":[{"embeddable":true,"href":"https:\/\/asgolfdepessac.com\/index.php\/wp-json\/wp\/v2\/comments?post=12535"}],"version-history":[{"count":30,"href":"https:\/\/asgolfdepessac.com\/index.php\/wp-json\/wp\/v2\/pages\/12535\/revisions"}],"predecessor-version":[{"id":14327,"href":"https:\/\/asgolfdepessac.com\/index.php\/wp-json\/wp\/v2\/pages\/12535\/revisions\/14327"}],"wp:featuredmedia":[{"embeddable":true,"href":"https:\/\/asgolfdepessac.com\/index.php\/wp-json\/wp\/v2\/media\/52"}],"wp:attachment":[{"href":"https:\/\/asgolfdepessac.com\/index.php\/wp-json\/wp\/v2\/media?parent=12535"}],"curies":[{"name":"wp","href":"https:\/\/api.w.org\/{rel}","templated":true}]}}