{"id":12725,"date":"2025-11-01T19:03:59","date_gmt":"2025-11-01T18:03:59","guid":{"rendered":"https:\/\/asgolfdepessac.com\/?page_id=12725"},"modified":"2025-12-12T18:19:31","modified_gmt":"2025-12-12T17:19:31","slug":"mdd-mardi-16-decembre-2025-give-and-take","status":"publish","type":"page","link":"https:\/\/asgolfdepessac.com\/index.php\/pessac-au-feminin-2\/mardi-des-dames\/mdd-mardi-16-decembre-2025-give-and-take\/","title":{"rendered":"MDD Mardi 16  d\u00e9cembre 2025 Give and take"},"content":{"rendered":"\n<p><strong>INSCRIPTIONS CLOTUREES<\/strong><\/p>\n\n\n\n<p><strong><a href=\"https:\/\/asgolfdepessac.com\/wp-content\/uploads\/2025\/12\/Departs-MDD-du-mardi-16-Decembre.pdf\" data-type=\"link\" data-id=\"https:\/\/asgolfdepessac.com\/wp-content\/uploads\/2025\/12\/Departs-MDD-du-mardi-16-Decembre.pdf\">DEPARTS ET PARTIES<\/a><\/strong> (lien activ\u00e9)<\/p>\n\n\n\n<p class=\"has-header-text-color-color has-text-color has-link-color wp-elements-29072283f80295445e068b0687f53244\">DATE : <strong> Mardi 16 d\u00e9cembre <\/strong>2025<\/p>\n\n\n\n<p>D\u00e9part en<strong> shotgun \u00e0 <\/strong>9h 30 sur le parcours rouge (9 trous)<\/p>\n\n\n\n<p>Cette rencontre n&rsquo;est pas une comp\u00e9tition mais une rencontre amicale f\u00e9minine, r\u00e9serv\u00e9e aux membres du MDD<\/p>\n\n\n\n<p><strong>Cette journ\u00e9e sera l&rsquo;occasion de c\u00e9l\u00e9brer entre nous la fin de l&rsquo;ann\u00e9e : chacune devra apporter un petit cadeau symbolique (valeur environ 10\u20ac) que nous tirerons au sort au moment du d\u00e9jeuner<\/strong>. <\/p>\n\n\n\n<p><strong>Repas : 28\u20ac <\/strong>(formule festive).<\/p>\n\n\n\n<ul class=\"wp-block-list\">\n<li><strong>Entr\u00e9e <\/strong>: Velout\u00e9 de Butternut, d\u00e9s de foie gras<\/li>\n\n\n\n<li><strong>Plat au choix <\/strong>(\u00e0 pr\u00e9ciser sur la fiche d&rsquo;inscription) :<\/li>\n\n\n\n<li>R\u00f4ti de boeuf, \u00e9chalottes confites, gratin dauphinois<\/li>\n\n\n\n<li><strong>OU <\/strong>: Pav\u00e9 de cabillaud r\u00f4ti au thym, panais en 2 textures<\/li>\n\n\n\n<li><strong>Dessert:<\/strong> Pavlova exotique<\/li>\n\n\n\n<li>Vin et caf\u00e9 inclus<\/li>\n<\/ul>\n\n\n\n<p>Inscription et annulation par la fiche ci-dessous<strong> jusqu&rsquo;au MARDI 9 d\u00e9cembre \u00e0 19h.<\/strong> Plus tard, contacter une des 3 GO,&nbsp; par t\u00e9l\u00e9phone. Vous pourrez aussi choisir sur cette fiche de ne participer qu&rsquo;au parcours ou qu&rsquo;au repas ou repas et parcours.<\/p>\n\n\n\n<p><a href=\"https:\/\/docs.google.com\/spreadsheets\/d\/1ev32VGcksd8xOHyH5byVhZKLsUmXpJFuD5djidSHdno\/edit?usp=sharing\" data-type=\"link\" data-id=\"https:\/\/docs.google.com\/spreadsheets\/d\/1ev32VGcksd8xOHyH5byVhZKLsUmXpJFuD5djidSHdno\/edit?usp=sharing\">Liste des inscrites<\/a><\/p>\n\n\n\n<p>( Apr\u00e8s votre inscription\/ annulation, le d\u00e9lai de mise \u00e0 jour de la liste est d&rsquo;environ 5 mn)<\/p>\n\n\n\n<p><\/p>\n","protected":false},"excerpt":{"rendered":"<p>INSCRIPTIONS CLOTUREES DEPARTS ET PARTIES (lien activ\u00e9) DATE : Mardi 16 d\u00e9cembre 2025 D\u00e9part en shotgun \u00e0 9h 30 sur le parcours rouge (9 trous) Cette rencontre n&rsquo;est pas une comp\u00e9tition mais une rencontre amicale f\u00e9minine, r\u00e9serv\u00e9e aux membres du MDD Cette journ\u00e9e sera l&rsquo;occasion de c\u00e9l\u00e9brer entre nous la [&hellip;]<\/p>\n","protected":false},"author":5,"featured_media":52,"parent":647,"menu_order":0,"comment_status":"closed","ping_status":"closed","template":"","meta":{"footnotes":""},"class_list":["post-12725","page","type-page","status-publish","has-post-thumbnail","hentry"],"_links":{"self":[{"href":"https:\/\/asgolfdepessac.com\/index.php\/wp-json\/wp\/v2\/pages\/12725","targetHints":{"allow":["GET"]}}],"collection":[{"href":"https:\/\/asgolfdepessac.com\/index.php\/wp-json\/wp\/v2\/pages"}],"about":[{"href":"https:\/\/asgolfdepessac.com\/index.php\/wp-json\/wp\/v2\/types\/page"}],"author":[{"embeddable":true,"href":"https:\/\/asgolfdepessac.com\/index.php\/wp-json\/wp\/v2\/users\/5"}],"replies":[{"embeddable":true,"href":"https:\/\/asgolfdepessac.com\/index.php\/wp-json\/wp\/v2\/comments?post=12725"}],"version-history":[{"count":0,"href":"https:\/\/asgolfdepessac.com\/index.php\/wp-json\/wp\/v2\/pages\/12725\/revisions"}],"up":[{"embeddable":true,"href":"https:\/\/asgolfdepessac.com\/index.php\/wp-json\/wp\/v2\/pages\/647"}],"wp:featuredmedia":[{"embeddable":true,"href":"https:\/\/asgolfdepessac.com\/index.php\/wp-json\/wp\/v2\/media\/52"}],"wp:attachment":[{"href":"https:\/\/asgolfdepessac.com\/index.php\/wp-json\/wp\/v2\/media?parent=12725"}],"curies":[{"name":"wp","href":"https:\/\/api.w.org\/{rel}","templated":true}]}}