{"id":13684,"date":"2026-02-17T14:26:06","date_gmt":"2026-02-17T13:26:06","guid":{"rendered":"https:\/\/asgolfdepessac.com\/?page_id=13684"},"modified":"2026-04-17T16:22:47","modified_gmt":"2026-04-17T14:22:47","slug":"accueil-new","status":"publish","type":"page","link":"https:\/\/asgolfdepessac.com\/","title":{"rendered":"ACCUEIL"},"content":{"rendered":"\n<div class=\"wp-block-columns is-layout-flex wp-container-core-columns-is-layout-28f84493 wp-block-columns-is-layout-flex\">\n<div class=\"wp-block-column is-layout-flow wp-block-column-is-layout-flow\"><div class=\"wp-block-image\">\n<figure class=\"aligncenter size-full is-resized\"><a href=\"https:\/\/www.facebook.com\/As-Golf-De-Pessac-101310426092151\" target=\"_blank\" rel=\"noreferrer noopener\"><img loading=\"lazy\" decoding=\"async\" width=\"397\" height=\"127\" src=\"https:\/\/asgolfdepessac.com\/wp-content\/uploads\/2022\/09\/facebook.png\" alt=\"\" class=\"wp-image-3500\" style=\"aspect-ratio:3.141732283464567;width:226px;height:auto\" srcset=\"https:\/\/asgolfdepessac.com\/wp-content\/uploads\/2022\/09\/facebook.png 397w, https:\/\/asgolfdepessac.com\/wp-content\/uploads\/2022\/09\/facebook-300x96.png 300w\" sizes=\"auto, (max-width: 397px) 100vw, 397px\" \/><\/a><\/figure>\n<\/div><\/div>\n\n\n\n<div class=\"wp-block-column is-layout-flow wp-block-column-is-layout-flow\">\n<figure class=\"wp-block-image size-full\"><a href=\"https:\/\/asgolfdepessac.com\/index.php\/actualites\/\" target=\"_blank\" rel=\" noreferrer noopener\"><img loading=\"lazy\" decoding=\"async\" width=\"300\" height=\"75\" src=\"https:\/\/asgolfdepessac.com\/wp-content\/uploads\/2025\/10\/CTA_Actualites.jpg\" alt=\"\" class=\"wp-image-12588\"\/><\/a><\/figure>\n<\/div>\n\n\n\n<div class=\"wp-block-column is-layout-flow wp-block-column-is-layout-flow\"><div class=\"wp-block-image\">\n<figure class=\"aligncenter size-full is-resized\"><a href=\"https:\/\/www.instagram.com\/asgolfpessac\/\" target=\"_blank\" rel=\"noreferrer noopener\"><img loading=\"lazy\" decoding=\"async\" width=\"549\" height=\"210\" src=\"https:\/\/asgolfdepessac.com\/wp-content\/uploads\/2022\/09\/instagram.png\" alt=\"\" class=\"wp-image-3502\" style=\"aspect-ratio:2.6403508771929824;width:190px;height:auto\" srcset=\"https:\/\/asgolfdepessac.com\/wp-content\/uploads\/2022\/09\/instagram.png 549w, https:\/\/asgolfdepessac.com\/wp-content\/uploads\/2022\/09\/instagram-300x115.png 300w\" sizes=\"auto, (max-width: 549px) 100vw, 549px\" \/><\/a><\/figure>\n<\/div><\/div>\n<\/div>\n\n\n\n<figure class=\"wp-block-gallery has-nested-images columns-5 wp-block-gallery-1 is-layout-flex wp-block-gallery-is-layout-flex\">\n<figure class=\"wp-block-image size-full\"><a href=\"https:\/\/asgolfdepessac-b.fr\/index.php\/produit\/adhesion-et-licence\/\" target=\"_blank\" rel=\"noreferrer noopener\"><img loading=\"lazy\" decoding=\"async\" width=\"1768\" height=\"2500\" data-id=\"12997\" src=\"https:\/\/asgolfdepessac.com\/wp-content\/uploads\/2025\/12\/SITE_Affiche-adhesion-licence-ffg-2026.jpg\" alt=\"\" class=\"wp-image-12997\" srcset=\"https:\/\/asgolfdepessac.com\/wp-content\/uploads\/2025\/12\/SITE_Affiche-adhesion-licence-ffg-2026.jpg 1768w, https:\/\/asgolfdepessac.com\/wp-content\/uploads\/2025\/12\/SITE_Affiche-adhesion-licence-ffg-2026-212x300.jpg 212w, https:\/\/asgolfdepessac.com\/wp-content\/uploads\/2025\/12\/SITE_Affiche-adhesion-licence-ffg-2026-724x1024.jpg 724w, https:\/\/asgolfdepessac.com\/wp-content\/uploads\/2025\/12\/SITE_Affiche-adhesion-licence-ffg-2026-768x1086.jpg 768w, https:\/\/asgolfdepessac.com\/wp-content\/uploads\/2025\/12\/SITE_Affiche-adhesion-licence-ffg-2026-1086x1536.jpg 1086w, https:\/\/asgolfdepessac.com\/wp-content\/uploads\/2025\/12\/SITE_Affiche-adhesion-licence-ffg-2026-1448x2048.jpg 1448w\" sizes=\"auto, (max-width: 1768px) 100vw, 1768px\" \/><\/a><\/figure>\n\n\n\n<figure class=\"wp-block-image size-full\"><img loading=\"lazy\" decoding=\"async\" width=\"671\" height=\"946\" data-id=\"14333\" src=\"https:\/\/asgolfdepessac.com\/wp-content\/uploads\/2026\/04\/Printemps-du-sport.png\" alt=\"\" class=\"wp-image-14333\" srcset=\"https:\/\/asgolfdepessac.com\/wp-content\/uploads\/2026\/04\/Printemps-du-sport.png 671w, https:\/\/asgolfdepessac.com\/wp-content\/uploads\/2026\/04\/Printemps-du-sport-213x300.png 213w\" sizes=\"auto, (max-width: 671px) 100vw, 671px\" \/><\/figure>\n\n\n\n<figure class=\"wp-block-image size-full\"><a href=\"https:\/\/asgolfdepessac-b.fr\/index.php\/produit\/don-a-lassociation\/\" target=\"_blank\" rel=\" noreferrer noopener\"><img loading=\"lazy\" decoding=\"async\" width=\"1414\" height=\"2000\" data-id=\"12766\" src=\"https:\/\/asgolfdepessac.com\/wp-content\/uploads\/2025\/11\/SITE_DON.jpg\" alt=\"\" class=\"wp-image-12766\" srcset=\"https:\/\/asgolfdepessac.com\/wp-content\/uploads\/2025\/11\/SITE_DON.jpg 1414w, https:\/\/asgolfdepessac.com\/wp-content\/uploads\/2025\/11\/SITE_DON-212x300.jpg 212w, https:\/\/asgolfdepessac.com\/wp-content\/uploads\/2025\/11\/SITE_DON-724x1024.jpg 724w, https:\/\/asgolfdepessac.com\/wp-content\/uploads\/2025\/11\/SITE_DON-768x1086.jpg 768w, https:\/\/asgolfdepessac.com\/wp-content\/uploads\/2025\/11\/SITE_DON-1086x1536.jpg 1086w\" sizes=\"auto, (max-width: 1414px) 100vw, 1414px\" \/><\/a><\/figure>\n\n\n\n<figure class=\"wp-block-image size-full\"><a href=\"https:\/\/asgolfdepessac.com\/index.php\/somabay\/\" target=\"_blank\" rel=\" noreferrer noopener\"><img loading=\"lazy\" decoding=\"async\" width=\"1414\" height=\"2000\" data-id=\"13804\" src=\"https:\/\/asgolfdepessac.com\/wp-content\/uploads\/2026\/02\/SITE_Somabay-2026.jpg\" alt=\"\" class=\"wp-image-13804\" srcset=\"https:\/\/asgolfdepessac.com\/wp-content\/uploads\/2026\/02\/SITE_Somabay-2026.jpg 1414w, https:\/\/asgolfdepessac.com\/wp-content\/uploads\/2026\/02\/SITE_Somabay-2026-212x300.jpg 212w, https:\/\/asgolfdepessac.com\/wp-content\/uploads\/2026\/02\/SITE_Somabay-2026-724x1024.jpg 724w, https:\/\/asgolfdepessac.com\/wp-content\/uploads\/2026\/02\/SITE_Somabay-2026-768x1086.jpg 768w, https:\/\/asgolfdepessac.com\/wp-content\/uploads\/2026\/02\/SITE_Somabay-2026-1086x1536.jpg 1086w\" sizes=\"auto, (max-width: 1414px) 100vw, 1414px\" \/><\/a><\/figure>\n\n\n\n<figure class=\"wp-block-image size-full\"><a href=\"https:\/\/asgolfdepessac-b.fr\/index.php\/produit\/trophee-as-2026-t2\/\" target=\"_blank\" rel=\" noreferrer noopener\"><img loading=\"lazy\" decoding=\"async\" width=\"1414\" height=\"2000\" data-id=\"14032\" src=\"https:\/\/asgolfdepessac.com\/wp-content\/uploads\/2026\/03\/SITE-Trophee-AS-2026-T2.jpg\" alt=\"\" class=\"wp-image-14032\" srcset=\"https:\/\/asgolfdepessac.com\/wp-content\/uploads\/2026\/03\/SITE-Trophee-AS-2026-T2.jpg 1414w, https:\/\/asgolfdepessac.com\/wp-content\/uploads\/2026\/03\/SITE-Trophee-AS-2026-T2-212x300.jpg 212w, https:\/\/asgolfdepessac.com\/wp-content\/uploads\/2026\/03\/SITE-Trophee-AS-2026-T2-724x1024.jpg 724w, https:\/\/asgolfdepessac.com\/wp-content\/uploads\/2026\/03\/SITE-Trophee-AS-2026-T2-768x1086.jpg 768w, https:\/\/asgolfdepessac.com\/wp-content\/uploads\/2026\/03\/SITE-Trophee-AS-2026-T2-1086x1536.jpg 1086w\" sizes=\"auto, (max-width: 1414px) 100vw, 1414px\" \/><\/a><\/figure>\n\n\n\n<figure class=\"wp-block-image size-full\"><a href=\"https:\/\/asgolfdepessac-b.fr\/index.php\/produit\/coupe-as-2026\/\" target=\"_blank\" rel=\" noreferrer noopener\"><img loading=\"lazy\" decoding=\"async\" width=\"1414\" height=\"2000\" data-id=\"13956\" src=\"https:\/\/asgolfdepessac.com\/wp-content\/uploads\/2026\/03\/SITE_Coupe-AS-x-Gresham-2026-1.jpg\" alt=\"\" class=\"wp-image-13956\" srcset=\"https:\/\/asgolfdepessac.com\/wp-content\/uploads\/2026\/03\/SITE_Coupe-AS-x-Gresham-2026-1.jpg 1414w, https:\/\/asgolfdepessac.com\/wp-content\/uploads\/2026\/03\/SITE_Coupe-AS-x-Gresham-2026-1-212x300.jpg 212w, https:\/\/asgolfdepessac.com\/wp-content\/uploads\/2026\/03\/SITE_Coupe-AS-x-Gresham-2026-1-724x1024.jpg 724w, https:\/\/asgolfdepessac.com\/wp-content\/uploads\/2026\/03\/SITE_Coupe-AS-x-Gresham-2026-1-768x1086.jpg 768w, https:\/\/asgolfdepessac.com\/wp-content\/uploads\/2026\/03\/SITE_Coupe-AS-x-Gresham-2026-1-1086x1536.jpg 1086w\" sizes=\"auto, (max-width: 1414px) 100vw, 1414px\" \/><\/a><\/figure>\n\n\n\n<figure class=\"wp-block-image size-full\"><a href=\"https:\/\/asgolfdepessac.com\/index.php\/activites\/junior-series-26-avril-2026\/\" target=\"_blank\" rel=\" noreferrer noopener\"><img loading=\"lazy\" decoding=\"async\" width=\"1587\" height=\"2245\" data-id=\"14077\" src=\"https:\/\/asgolfdepessac.com\/wp-content\/uploads\/2026\/03\/SITE_Junior-Series-2026-T1.jpg\" alt=\"\" class=\"wp-image-14077\" srcset=\"https:\/\/asgolfdepessac.com\/wp-content\/uploads\/2026\/03\/SITE_Junior-Series-2026-T1.jpg 1587w, https:\/\/asgolfdepessac.com\/wp-content\/uploads\/2026\/03\/SITE_Junior-Series-2026-T1-212x300.jpg 212w, https:\/\/asgolfdepessac.com\/wp-content\/uploads\/2026\/03\/SITE_Junior-Series-2026-T1-724x1024.jpg 724w, https:\/\/asgolfdepessac.com\/wp-content\/uploads\/2026\/03\/SITE_Junior-Series-2026-T1-768x1086.jpg 768w, https:\/\/asgolfdepessac.com\/wp-content\/uploads\/2026\/03\/SITE_Junior-Series-2026-T1-1086x1536.jpg 1086w, https:\/\/asgolfdepessac.com\/wp-content\/uploads\/2026\/03\/SITE_Junior-Series-2026-T1-1448x2048.jpg 1448w\" sizes=\"auto, (max-width: 1587px) 100vw, 1587px\" \/><\/a><\/figure>\n\n\n\n<figure class=\"wp-block-image size-full\"><a href=\"https:\/\/asgolfdepessac-b.fr\/index.php\/produit\/coupe-des-dames-t2-2026-swc\/\" target=\"_blank\" rel=\" noreferrer noopener\"><img loading=\"lazy\" decoding=\"async\" width=\"1587\" height=\"2245\" data-id=\"14114\" src=\"https:\/\/asgolfdepessac.com\/wp-content\/uploads\/2026\/03\/SITE-Coupe-des-Dames-2026-T2.jpg\" alt=\"\" class=\"wp-image-14114\" srcset=\"https:\/\/asgolfdepessac.com\/wp-content\/uploads\/2026\/03\/SITE-Coupe-des-Dames-2026-T2.jpg 1587w, https:\/\/asgolfdepessac.com\/wp-content\/uploads\/2026\/03\/SITE-Coupe-des-Dames-2026-T2-212x300.jpg 212w, https:\/\/asgolfdepessac.com\/wp-content\/uploads\/2026\/03\/SITE-Coupe-des-Dames-2026-T2-724x1024.jpg 724w, https:\/\/asgolfdepessac.com\/wp-content\/uploads\/2026\/03\/SITE-Coupe-des-Dames-2026-T2-768x1086.jpg 768w, https:\/\/asgolfdepessac.com\/wp-content\/uploads\/2026\/03\/SITE-Coupe-des-Dames-2026-T2-1086x1536.jpg 1086w, https:\/\/asgolfdepessac.com\/wp-content\/uploads\/2026\/03\/SITE-Coupe-des-Dames-2026-T2-1448x2048.jpg 1448w\" sizes=\"auto, (max-width: 1587px) 100vw, 1587px\" \/><\/a><\/figure>\n\n\n\n<figure class=\"wp-block-image size-full\"><a href=\"https:\/\/asgolfdepessac-b.fr\/index.php\/produit\/classement-messieurs-t2-2026-swc\/\" target=\"_blank\" rel=\" noreferrer noopener\"><img loading=\"lazy\" decoding=\"async\" width=\"1587\" height=\"2245\" data-id=\"14115\" src=\"https:\/\/asgolfdepessac.com\/wp-content\/uploads\/2026\/03\/SITE-Classement-Messieurs-2026-T2.jpg\" alt=\"\" class=\"wp-image-14115\" srcset=\"https:\/\/asgolfdepessac.com\/wp-content\/uploads\/2026\/03\/SITE-Classement-Messieurs-2026-T2.jpg 1587w, https:\/\/asgolfdepessac.com\/wp-content\/uploads\/2026\/03\/SITE-Classement-Messieurs-2026-T2-212x300.jpg 212w, https:\/\/asgolfdepessac.com\/wp-content\/uploads\/2026\/03\/SITE-Classement-Messieurs-2026-T2-724x1024.jpg 724w, https:\/\/asgolfdepessac.com\/wp-content\/uploads\/2026\/03\/SITE-Classement-Messieurs-2026-T2-768x1086.jpg 768w, https:\/\/asgolfdepessac.com\/wp-content\/uploads\/2026\/03\/SITE-Classement-Messieurs-2026-T2-1086x1536.jpg 1086w, https:\/\/asgolfdepessac.com\/wp-content\/uploads\/2026\/03\/SITE-Classement-Messieurs-2026-T2-1448x2048.jpg 1448w\" sizes=\"auto, (max-width: 1587px) 100vw, 1587px\" \/><\/a><\/figure>\n\n\n\n<figure class=\"wp-block-image size-full\"><a href=\"https:\/\/asgolfdepessac-b.fr\/index.php\/produit\/trophee-as-2026-t3\/\" target=\"_blank\" rel=\" noreferrer noopener\"><img loading=\"lazy\" decoding=\"async\" width=\"1414\" height=\"2000\" data-id=\"14294\" src=\"https:\/\/asgolfdepessac.com\/wp-content\/uploads\/2026\/04\/SITE-Trophee-AS-2026-T3.jpg\" alt=\"\" class=\"wp-image-14294\" srcset=\"https:\/\/asgolfdepessac.com\/wp-content\/uploads\/2026\/04\/SITE-Trophee-AS-2026-T3.jpg 1414w, https:\/\/asgolfdepessac.com\/wp-content\/uploads\/2026\/04\/SITE-Trophee-AS-2026-T3-212x300.jpg 212w, https:\/\/asgolfdepessac.com\/wp-content\/uploads\/2026\/04\/SITE-Trophee-AS-2026-T3-724x1024.jpg 724w, https:\/\/asgolfdepessac.com\/wp-content\/uploads\/2026\/04\/SITE-Trophee-AS-2026-T3-768x1086.jpg 768w, https:\/\/asgolfdepessac.com\/wp-content\/uploads\/2026\/04\/SITE-Trophee-AS-2026-T3-1086x1536.jpg 1086w\" sizes=\"auto, (max-width: 1414px) 100vw, 1414px\" \/><\/a><\/figure>\n\n\n\n<figure class=\"wp-block-image size-full\"><a href=\"https:\/\/asgolfdepessac-b.fr\/index.php\/produit\/pitch-and-putt-2026-tour-3\/\" target=\"_blank\" rel=\" noreferrer noopener\"><img loading=\"lazy\" decoding=\"async\" width=\"1414\" height=\"2000\" data-id=\"14316\" src=\"https:\/\/asgolfdepessac.com\/wp-content\/uploads\/2026\/04\/SITE-Pitch-Putt-2026-T3-1.jpg\" alt=\"\" class=\"wp-image-14316\" srcset=\"https:\/\/asgolfdepessac.com\/wp-content\/uploads\/2026\/04\/SITE-Pitch-Putt-2026-T3-1.jpg 1414w, https:\/\/asgolfdepessac.com\/wp-content\/uploads\/2026\/04\/SITE-Pitch-Putt-2026-T3-1-212x300.jpg 212w, https:\/\/asgolfdepessac.com\/wp-content\/uploads\/2026\/04\/SITE-Pitch-Putt-2026-T3-1-724x1024.jpg 724w, https:\/\/asgolfdepessac.com\/wp-content\/uploads\/2026\/04\/SITE-Pitch-Putt-2026-T3-1-768x1086.jpg 768w, https:\/\/asgolfdepessac.com\/wp-content\/uploads\/2026\/04\/SITE-Pitch-Putt-2026-T3-1-1086x1536.jpg 1086w\" sizes=\"auto, (max-width: 1414px) 100vw, 1414px\" \/><\/a><\/figure>\n\n\n\n<figure class=\"wp-block-image size-full\"><a href=\"https:\/\/asgolfdepessac-b.fr\/index.php\/produit\/challenge-9-rouge-t3-16-mai-2026\/\" target=\"_blank\" rel=\" noreferrer noopener\"><img loading=\"lazy\" decoding=\"async\" width=\"1587\" height=\"2245\" data-id=\"14298\" src=\"https:\/\/asgolfdepessac.com\/wp-content\/uploads\/2026\/04\/SITE-Classement-9T-rouge-2026-T3.jpg\" alt=\"\" class=\"wp-image-14298\" srcset=\"https:\/\/asgolfdepessac.com\/wp-content\/uploads\/2026\/04\/SITE-Classement-9T-rouge-2026-T3.jpg 1587w, https:\/\/asgolfdepessac.com\/wp-content\/uploads\/2026\/04\/SITE-Classement-9T-rouge-2026-T3-212x300.jpg 212w, https:\/\/asgolfdepessac.com\/wp-content\/uploads\/2026\/04\/SITE-Classement-9T-rouge-2026-T3-724x1024.jpg 724w, https:\/\/asgolfdepessac.com\/wp-content\/uploads\/2026\/04\/SITE-Classement-9T-rouge-2026-T3-768x1086.jpg 768w, https:\/\/asgolfdepessac.com\/wp-content\/uploads\/2026\/04\/SITE-Classement-9T-rouge-2026-T3-1086x1536.jpg 1086w, https:\/\/asgolfdepessac.com\/wp-content\/uploads\/2026\/04\/SITE-Classement-9T-rouge-2026-T3-1448x2048.jpg 1448w\" sizes=\"auto, (max-width: 1587px) 100vw, 1587px\" \/><\/a><\/figure>\n\n\n\n<figure class=\"wp-block-image size-full\"><a href=\"https:\/\/asgolfdepessac-b.fr\/index.php\/produit\/trophee-seniors-2026\/\" target=\"_blank\" rel=\" noreferrer noopener\"><img loading=\"lazy\" decoding=\"async\" width=\"1414\" height=\"2000\" data-id=\"14252\" src=\"https:\/\/asgolfdepessac.com\/wp-content\/uploads\/2026\/04\/SITE_Trophee-Seniors-2026.jpg\" alt=\"\" class=\"wp-image-14252\" srcset=\"https:\/\/asgolfdepessac.com\/wp-content\/uploads\/2026\/04\/SITE_Trophee-Seniors-2026.jpg 1414w, https:\/\/asgolfdepessac.com\/wp-content\/uploads\/2026\/04\/SITE_Trophee-Seniors-2026-212x300.jpg 212w, https:\/\/asgolfdepessac.com\/wp-content\/uploads\/2026\/04\/SITE_Trophee-Seniors-2026-724x1024.jpg 724w, https:\/\/asgolfdepessac.com\/wp-content\/uploads\/2026\/04\/SITE_Trophee-Seniors-2026-768x1086.jpg 768w, https:\/\/asgolfdepessac.com\/wp-content\/uploads\/2026\/04\/SITE_Trophee-Seniors-2026-1086x1536.jpg 1086w\" sizes=\"auto, (max-width: 1414px) 100vw, 1414px\" \/><\/a><\/figure>\n<\/figure>\n\n\n\n<p><\/p>\n\n\n\n<div class=\"wp-block-columns is-layout-flex wp-container-core-columns-is-layout-28f84493 wp-block-columns-is-layout-flex\">\n<div class=\"wp-block-column is-layout-flow wp-block-column-is-layout-flow\">\n<div class=\"wp-block-columns is-layout-flex wp-container-core-columns-is-layout-28f84493 wp-block-columns-is-layout-flex\">\n<div class=\"wp-block-column is-layout-flow wp-block-column-is-layout-flow\">\n<div class=\"wp-block-buttons is-layout-flex wp-block-buttons-is-layout-flex\">\n<div class=\"wp-block-button has-custom-width wp-block-button__width-100\"><a class=\"wp-block-button__link has-header-text-color-background-color has-background wp-element-button\" href=\"https:\/\/asgolfdepessac.com\/index.php\/missions-de-las\/\" target=\"_blank\" rel=\"noreferrer noopener\">Les Missions de l&rsquo;AS<\/a><\/div>\n<\/div>\n<\/div>\n\n\n\n<div class=\"wp-block-column is-layout-flow wp-block-column-is-layout-flow\">\n<div class=\"wp-block-buttons is-layout-flex wp-block-buttons-is-layout-flex\">\n<div class=\"wp-block-button has-custom-width wp-block-button__width-100\"><a class=\"wp-block-button__link has-body-color-color has-secondary-background-color has-text-color has-background has-link-color wp-element-button\" href=\"https:\/\/asgolfdepessac.com\/index.php\/inscriptions\/\" target=\"_blank\" rel=\"noreferrer noopener\">Comp\u00e9titions<\/a><\/div>\n<\/div>\n<\/div>\n\n\n\n<div class=\"wp-block-column is-layout-flow wp-block-column-is-layout-flow\">\n<div class=\"wp-block-buttons is-layout-flex wp-block-buttons-is-layout-flex\">\n<div class=\"wp-block-button has-custom-width wp-block-button__width-100\"><a class=\"wp-block-button__link has-background wp-element-button\" href=\"https:\/\/asgolfdepessac.com\/index.php\/equipes\/\" style=\"background-color:#e360cb\" target=\"_blank\" rel=\"noreferrer noopener\">Informations \u00c9quipes<\/a><\/div>\n<\/div>\n<\/div>\n<\/div>\n<\/div>\n<\/div>\n\n\n\n<div class=\"wp-block-columns is-layout-flex wp-container-core-columns-is-layout-28f84493 wp-block-columns-is-layout-flex\">\n<div class=\"wp-block-column is-layout-flow wp-block-column-is-layout-flow\">\n<div class=\"wp-block-buttons is-content-justification-center is-layout-flex wp-container-core-buttons-is-layout-a89b3969 wp-block-buttons-is-layout-flex\">\n<div class=\"wp-block-button has-custom-width wp-block-button__width-100\"><a class=\"wp-block-button__link has-background wp-element-button\" href=\"https:\/\/www.ffgolf.org\/\" style=\"background-color:#810606\" target=\"_blank\" rel=\"noreferrer noopener\">F\u00e9d\u00e9ration Fran\u00e7aise de Golf<\/a><\/div>\n<\/div>\n<\/div>\n\n\n\n<div class=\"wp-block-column is-layout-flow wp-block-column-is-layout-flow\">\n<div class=\"wp-block-buttons is-content-justification-center is-layout-flex wp-container-core-buttons-is-layout-a89b3969 wp-block-buttons-is-layout-flex\">\n<div class=\"wp-block-button has-custom-width wp-block-button__width-100\"><a class=\"wp-block-button__link has-background wp-element-button\" href=\"https:\/\/www.ligue-golfna.org\/\" style=\"background-color:#170b64\" target=\"_blank\" rel=\"noreferrer noopener\">Ligue de Golf Nouvelle Aquitaine<\/a><\/div>\n<\/div>\n<\/div>\n\n\n\n<div class=\"wp-block-column is-layout-flow wp-block-column-is-layout-flow\">\n<div class=\"wp-block-buttons is-content-justification-center is-layout-flex wp-container-core-buttons-is-layout-a89b3969 wp-block-buttons-is-layout-flex\">\n<div class=\"wp-block-button has-custom-width wp-block-button__width-100\"><a class=\"wp-block-button__link has-background wp-element-button\" href=\"https:\/\/cdgolf33.com\/\" style=\"background-color:#064405\" target=\"_blank\" rel=\"noreferrer noopener\">Comit\u00e9 de Golf de Gironde<\/a><\/div>\n<\/div>\n<\/div>\n<\/div>\n\n\n\n<p><\/p>\n","protected":false},"excerpt":{"rendered":"","protected":false},"author":14,"featured_media":52,"parent":0,"menu_order":0,"comment_status":"closed","ping_status":"closed","template":"","meta":{"footnotes":""},"class_list":["post-13684","page","type-page","status-publish","has-post-thumbnail","hentry"],"_links":{"self":[{"href":"https:\/\/asgolfdepessac.com\/index.php\/wp-json\/wp\/v2\/pages\/13684","targetHints":{"allow":["GET"]}}],"collection":[{"href":"https:\/\/asgolfdepessac.com\/index.php\/wp-json\/wp\/v2\/pages"}],"about":[{"href":"https:\/\/asgolfdepessac.com\/index.php\/wp-json\/wp\/v2\/types\/page"}],"author":[{"embeddable":true,"href":"https:\/\/asgolfdepessac.com\/index.php\/wp-json\/wp\/v2\/users\/14"}],"replies":[{"embeddable":true,"href":"https:\/\/asgolfdepessac.com\/index.php\/wp-json\/wp\/v2\/comments?post=13684"}],"version-history":[{"count":74,"href":"https:\/\/asgolfdepessac.com\/index.php\/wp-json\/wp\/v2\/pages\/13684\/revisions"}],"predecessor-version":[{"id":14351,"href":"https:\/\/asgolfdepessac.com\/index.php\/wp-json\/wp\/v2\/pages\/13684\/revisions\/14351"}],"wp:featuredmedia":[{"embeddable":true,"href":"https:\/\/asgolfdepessac.com\/index.php\/wp-json\/wp\/v2\/media\/52"}],"wp:attachment":[{"href":"https:\/\/asgolfdepessac.com\/index.php\/wp-json\/wp\/v2\/media?parent=13684"}],"curies":[{"name":"wp","href":"https:\/\/api.w.org\/{rel}","templated":true}]}}