{"id":647,"date":"2021-09-19T09:58:32","date_gmt":"2021-09-19T07:58:32","guid":{"rendered":"https:\/\/asgolfdepessac.com\/?page_id=647"},"modified":"2026-04-03T18:14:00","modified_gmt":"2026-04-03T16:14:00","slug":"mardi-des-dames","status":"publish","type":"page","link":"https:\/\/asgolfdepessac.com\/index.php\/pessac-au-feminin-2\/mardi-des-dames\/","title":{"rendered":"MARDI DES DAMES"},"content":{"rendered":"\n<p><strong>Les GO :<\/strong><\/p>\n\n\n\n<ul class=\"wp-block-list\">\n<li>Christine COZZAROLO <\/li>\n\n\n\n<li>Marie Laure CHABRIER<\/li>\n\n\n\n<li>Catherine PENNEC &nbsp;&nbsp; &nbsp; &nbsp;&nbsp;<\/li>\n<\/ul>\n\n\n\n<figure class=\"wp-block-gallery has-nested-images columns-default is-cropped wp-block-gallery-1 is-layout-flex wp-block-gallery-is-layout-flex\">\n<figure class=\"wp-block-image size-full\"><img loading=\"lazy\" decoding=\"async\" width=\"640\" height=\"480\" data-id=\"7126\" src=\"https:\/\/asgolfdepessac.com\/wp-content\/uploads\/2024\/05\/IMG_8656-1.jpg\" alt=\"\" class=\"wp-image-7126\" srcset=\"https:\/\/asgolfdepessac.com\/wp-content\/uploads\/2024\/05\/IMG_8656-1.jpg 640w, https:\/\/asgolfdepessac.com\/wp-content\/uploads\/2024\/05\/IMG_8656-1-300x225.jpg 300w\" sizes=\"auto, (max-width: 640px) 100vw, 640px\" \/><\/figure>\n\n\n\n<figure class=\"wp-block-image size-large\"><img loading=\"lazy\" decoding=\"async\" width=\"1024\" height=\"578\" data-id=\"7343\" src=\"https:\/\/asgolfdepessac.com\/wp-content\/uploads\/2024\/06\/d21a6b86-c4e7-4492-a453-09111b2c5580-1024x578.jpg\" alt=\"\" class=\"wp-image-7343\" srcset=\"https:\/\/asgolfdepessac.com\/wp-content\/uploads\/2024\/06\/d21a6b86-c4e7-4492-a453-09111b2c5580-1024x578.jpg 1024w, https:\/\/asgolfdepessac.com\/wp-content\/uploads\/2024\/06\/d21a6b86-c4e7-4492-a453-09111b2c5580-300x169.jpg 300w, https:\/\/asgolfdepessac.com\/wp-content\/uploads\/2024\/06\/d21a6b86-c4e7-4492-a453-09111b2c5580-768x433.jpg 768w, https:\/\/asgolfdepessac.com\/wp-content\/uploads\/2024\/06\/d21a6b86-c4e7-4492-a453-09111b2c5580-1536x866.jpg 1536w, https:\/\/asgolfdepessac.com\/wp-content\/uploads\/2024\/06\/d21a6b86-c4e7-4492-a453-09111b2c5580.jpg 2000w\" sizes=\"auto, (max-width: 1024px) 100vw, 1024px\" \/><\/figure>\n\n\n\n<figure class=\"wp-block-image size-full\"><img loading=\"lazy\" decoding=\"async\" width=\"640\" height=\"480\" data-id=\"7344\" src=\"https:\/\/asgolfdepessac.com\/wp-content\/uploads\/2024\/06\/IMG_9379.jpg\" alt=\"\" class=\"wp-image-7344\" srcset=\"https:\/\/asgolfdepessac.com\/wp-content\/uploads\/2024\/06\/IMG_9379.jpg 640w, https:\/\/asgolfdepessac.com\/wp-content\/uploads\/2024\/06\/IMG_9379-300x225.jpg 300w\" sizes=\"auto, (max-width: 640px) 100vw, 640px\" \/><\/figure>\n<\/figure>\n\n\n\n<p>Contact :&nbsp;<a href=\"mailto:aspessacaufeminin@gmail.com\" target=\"_blank\" rel=\"noreferrer noopener\">aspessacaufeminin<\/a>@gmail.com<\/p>\n\n\n\n<p><strong><u>ACCUEIL DES NOUVELLES ARRIVEES<\/u><\/strong><br><strong>Avant de vous inscrire pour la premi\u00e8re fois, contacter les responsables par mail \u00e0 l&rsquo;adresse : <\/strong>aspessacaufeminin@gmail.com <br>Elles assureront un accompagnement des nouvelles adh\u00e9rentes<br><br><strong><u>MARDI DES DAMES<\/u><\/strong><br>Inscription sur le site (page \u00ab\u00a0comp\u00e9titions\u00a0\u00bb).<\/p>\n\n\n\n<p><strong>Cette animation est r\u00e9serv\u00e9e aux adh\u00e9rentes de l&rsquo;AS Golf de Pessac<\/strong>; elle est gratuite si vous \u00eates membre UGOLF Pessac ou Gironde ou plus. <br>Un ou deux jours avant la rencontre vous recevrez un mail du MDD vous indiquant la constitution de votre partie, votre heure de d\u00e9part et la formule choisie. <br>Rencontre 1 \u00e0 2 Mardis par mois sur Pessac <br>Nous nous retrouvons aussi pour d\u00e9jeuner \u00e0 l\u2019occasion de la rentr\u00e9e, de No\u00ebl et avant de nous quitter fin Juin.&nbsp;<br>C\u2019est un moment convivial, le but est de se retrouver, de s\u2019amuser avec une formule de jeu et de gagner! Vous \u00eates toutes les bienvenues<strong> Mais il faut \u00eatre capable de jouer 18&nbsp; trous avec un bon rythme de jeu<\/strong><\/p>\n\n\n\n<p class=\"has-text-align-center\">CALENDRIER DES RENCONTRES A VENIR<\/p>\n\n\n\n<div class=\"wp-block-columns is-layout-flex wp-container-core-columns-is-layout-28f84493 wp-block-columns-is-layout-flex\">\n<div class=\"wp-block-column is-layout-flow wp-block-column-is-layout-flow\" style=\"flex-basis:100%\">\n<figure class=\"wp-block-table\"><table class=\"has-black-color has-text-color has-link-color has-fixed-layout\"><tbody><tr><td>Mardi 21 avril<\/td><td>MDD<\/td><td>A partir de 13h<\/td><\/tr><tr><td>Mardi 28 avril<\/td><td><strong>Comp\u00e9tition Dames<\/strong><\/td><td>A partir de 9h 30<\/td><\/tr><tr><td>Mardi 5 mai<\/td><td>MDD<\/td><td>A partir de 14h10<\/td><\/tr><tr><td>Mardi 19 mai<\/td><td><strong>Comp\u00e9tition Dames<\/strong><\/td><td>A partir de 8h 30<\/td><\/tr><tr><td>Mardi 26 mai<\/td><td>MDD<\/td><td>A partir de 11h<\/td><\/tr><tr><td>Mardi 9 juin<\/td><td><strong>MDD repas fin de saison<\/strong><\/td><td>Shotgun \u00e0 8h 30<\/td><\/tr><tr><td>Mardi 30 juin<\/td><td>MDD<\/td><td>A partir de 9h<\/td><\/tr><\/tbody><\/table><\/figure>\n<\/div>\n<\/div>\n\n\n\n<p><\/p>\n\n\n\n<p>Les gagnantes de la saison 2025 : Marie Claire, Isabelle et Eliane<\/p>\n\n\n\n<p class=\"has-medium-font-size\"><strong><a href=\"https:\/\/sites.google.com\/site\/asgolfdepessac\/Pessac-au-feminin\/Informations\/2020%20M06%20J23%20MDD%20Me%CC%81janne.jpg?attredirects=0\"><\/a><\/strong><\/p>\n\n\n\n<figure class=\"wp-block-image size-full is-resized\"><img decoding=\"async\" src=\"https:\/\/asgolfdepessac.com\/wp-content\/uploads\/2025\/06\/62f07371-148c-40f8-bf0c-c7be748cb06b.jpg\" alt=\"\" class=\"wp-image-11625\" style=\"width:265px;height:auto\"\/><\/figure>\n\n\n\n<p><\/p>\n","protected":false},"excerpt":{"rendered":"<p>Les GO : Contact :&nbsp;aspessacaufeminin@gmail.com ACCUEIL DES NOUVELLES ARRIVEESAvant de vous inscrire pour la premi\u00e8re fois, contacter les responsables par mail \u00e0 l&rsquo;adresse : aspessacaufeminin@gmail.com Elles assureront un accompagnement des nouvelles adh\u00e9rentes MARDI DES DAMESInscription sur le site (page \u00ab\u00a0comp\u00e9titions\u00a0\u00bb). Cette animation est r\u00e9serv\u00e9e aux adh\u00e9rentes de l&rsquo;AS Golf de [&hellip;]<\/p>\n","protected":false},"author":1,"featured_media":52,"parent":625,"menu_order":0,"comment_status":"closed","ping_status":"closed","template":"","meta":{"footnotes":""},"class_list":["post-647","page","type-page","status-publish","has-post-thumbnail","hentry"],"_links":{"self":[{"href":"https:\/\/asgolfdepessac.com\/index.php\/wp-json\/wp\/v2\/pages\/647","targetHints":{"allow":["GET"]}}],"collection":[{"href":"https:\/\/asgolfdepessac.com\/index.php\/wp-json\/wp\/v2\/pages"}],"about":[{"href":"https:\/\/asgolfdepessac.com\/index.php\/wp-json\/wp\/v2\/types\/page"}],"author":[{"embeddable":true,"href":"https:\/\/asgolfdepessac.com\/index.php\/wp-json\/wp\/v2\/users\/1"}],"replies":[{"embeddable":true,"href":"https:\/\/asgolfdepessac.com\/index.php\/wp-json\/wp\/v2\/comments?post=647"}],"version-history":[{"count":5,"href":"https:\/\/asgolfdepessac.com\/index.php\/wp-json\/wp\/v2\/pages\/647\/revisions"}],"predecessor-version":[{"id":14258,"href":"https:\/\/asgolfdepessac.com\/index.php\/wp-json\/wp\/v2\/pages\/647\/revisions\/14258"}],"up":[{"embeddable":true,"href":"https:\/\/asgolfdepessac.com\/index.php\/wp-json\/wp\/v2\/pages\/625"}],"wp:featuredmedia":[{"embeddable":true,"href":"https:\/\/asgolfdepessac.com\/index.php\/wp-json\/wp\/v2\/media\/52"}],"wp:attachment":[{"href":"https:\/\/asgolfdepessac.com\/index.php\/wp-json\/wp\/v2\/media?parent=647"}],"curies":[{"name":"wp","href":"https:\/\/api.w.org\/{rel}","templated":true}]}}