{"id":649,"date":"2021-09-19T10:02:08","date_gmt":"2021-09-19T08:02:08","guid":{"rendered":"https:\/\/asgolfdepessac.com\/?page_id=649"},"modified":"2026-01-21T14:07:06","modified_gmt":"2026-01-21T13:07:06","slug":"amicales-dames","status":"publish","type":"page","link":"https:\/\/asgolfdepessac.com\/index.php\/pessac-au-feminin-2\/amicales-dames\/","title":{"rendered":"AMICALES DAMES"},"content":{"rendered":"\n<figure class=\"wp-block-image size-large is-resized\"><img loading=\"lazy\" decoding=\"async\" width=\"768\" height=\"1024\" src=\"https:\/\/asgolfdepessac.com\/wp-content\/uploads\/2026\/01\/photo-Amicales-Cabot-768x1024.jpg\" alt=\"\" class=\"wp-image-13352\" style=\"aspect-ratio:0.7500132268133961;width:408px;height:auto\" srcset=\"https:\/\/asgolfdepessac.com\/wp-content\/uploads\/2026\/01\/photo-Amicales-Cabot-768x1024.jpg 768w, https:\/\/asgolfdepessac.com\/wp-content\/uploads\/2026\/01\/photo-Amicales-Cabot-225x300.jpg 225w, https:\/\/asgolfdepessac.com\/wp-content\/uploads\/2026\/01\/photo-Amicales-Cabot-1152x1536.jpg 1152w, https:\/\/asgolfdepessac.com\/wp-content\/uploads\/2026\/01\/photo-Amicales-Cabot.jpg 1200w\" sizes=\"auto, (max-width: 768px) 100vw, 768px\" \/><\/figure>\n\n\n\n<p><strong>CALENDRIER 2025-2026<\/strong><\/p>\n\n\n\n<figure class=\"wp-block-image size-full is-resized\"><img loading=\"lazy\" decoding=\"async\" width=\"501\" height=\"320\" src=\"https:\/\/asgolfdepessac.com\/wp-content\/uploads\/2026\/01\/calendrier-Amicales-2025-2026.jpg\" alt=\"\" class=\"wp-image-13349\" style=\"width:308px;height:auto\" srcset=\"https:\/\/asgolfdepessac.com\/wp-content\/uploads\/2026\/01\/calendrier-Amicales-2025-2026.jpg 501w, https:\/\/asgolfdepessac.com\/wp-content\/uploads\/2026\/01\/calendrier-Amicales-2025-2026-300x192.jpg 300w\" sizes=\"auto, (max-width: 501px) 100vw, 501px\" \/><\/figure>\n\n\n\n<p><strong><u>Conditions de candidature aux Amicales Inter club<\/u><\/strong><\/p>\n\n\n\n<ul class=\"wp-block-list\">\n<li>\u00catre licenci\u00e9e FFG \u00e0 Pessac<\/li>\n\n\n\n<li>Faire partie de l\u2019AS&nbsp;<strong>obligatoirement<\/strong><\/li>\n\n\n\n<li>Avoir un index inf\u00e9rieur ou \u00e9gal \u00e0 28<\/li>\n\n\n\n<li>Participer aux activit\u00e9s de l&rsquo;AS<\/li>\n<\/ul>\n\n\n\n<p>&nbsp;Nb : les joueuses des \u00e9quipes f\u00e9d\u00e9rales ne sont pas prioritaires<\/p>\n\n\n\n<p><strong><u>Organisation des rencontres<\/u><\/strong><\/p>\n\n\n\n<ul class=\"wp-block-list\">\n<li><strong>Chaque club a la possibilit\u00e9 de pr\u00e9senter 4 \u00e9quipes de 2 joueuses<\/strong><\/li>\n\n\n\n<li>Formule&nbsp;<strong>: Chapman pour toutes les rencontres<\/strong>&nbsp;afin d\u2019assurer la fluidit\u00e9 du jeu<\/li>\n\n\n\n<li>L\u2019\u00e9quilibre des index sera respect\u00e9 entre les \u00e9quipes qui se rencontrent&nbsp;&nbsp;<\/li>\n\n\n\n<li>D\u00e9part en shot Gun entre 9h et 10h selon les clubs<\/li>\n\n\n\n<li>Rendez-vous \u00e0 partir de 8h30 pour un petit d\u00e9jeuner offert par le club qui re\u00e7oit<\/li>\n\n\n\n<li>Repas pour celles qui le souhaitent \u00e0 signaler aux capitaines lors de l\u2019inscription<\/li>\n\n\n\n<li>Tenue exig\u00e9e&nbsp;: Polo rose, pantalon ou jupe bleu marine (couleurs de Pessac)<\/li>\n\n\n\n<li><em>Les prix des Green Fee et repas seront pr\u00e9cis\u00e9s ult\u00e9rieurement. Le budget global se situera entre 55 et 60\u20ac \u00e0 l\u2019exception du M\u00e9doc dont le tarif sera environ de 75\u20ac (Green Fee + repas)<\/em><\/li>\n<\/ul>\n\n\n\n<p><strong><u>Comment candidater&nbsp;<\/u><\/strong><\/p>\n\n\n\n<ul class=\"wp-block-list\">\n<li><strong>Un mail vous sera adress\u00e9 avant chaque rencontre vous permettant de candidater&nbsp;<\/strong>\u00e0 l&rsquo;adresse&nbsp;: <a href=\"mailto:aspessacaufeminin@gmail.com\" target=\"_blank\" rel=\"noreferrer noopener\"><strong>aspessacaufeminin@gmail.com<\/strong><\/a><strong>&nbsp;<\/strong><\/li>\n\n\n\n<li>Vous devrez indiquer votre index&nbsp;et pr\u00e9ciser si vous participez au d\u00e9jeuner.<\/li>\n\n\n\n<li><strong>Vous recevrez en retour un mail 8 jours avant la rencontre vous informant si votre candidature a&nbsp;\u00e9t\u00e9 retenue<\/strong>.<\/li>\n<\/ul>\n\n\n\n<p><em>En cas de besoin d&rsquo;informations suppl\u00e9mentaires, vous pouvez contacter les responsables :<\/em><\/p>\n\n\n\n<p>&nbsp;Marie Laure Chabrier : 06 82 43 91 57<\/p>\n\n\n\n<p>&nbsp;Catherine Pennec&nbsp; &nbsp; &nbsp; : 06 73 84 34 60<\/p>\n\n\n\n<p>ou envoyer en email \u00e0 : <a href=\"mailto:aspessacaufeminin@gmail.com\" target=\"_blank\" rel=\"noreferrer noopener\"><strong>aspessacaufeminin@gmail.com<\/strong><\/a><\/p>\n\n\n\n<figure class=\"wp-block-image size-large is-resized\"><img loading=\"lazy\" decoding=\"async\" width=\"1024\" height=\"299\" src=\"https:\/\/asgolfdepessac.com\/wp-content\/uploads\/2026\/01\/resultats-Cabot-1024x299.jpg\" alt=\"\" class=\"wp-image-13347\" style=\"aspect-ratio:3.4248582531693956;width:715px;height:auto\" srcset=\"https:\/\/asgolfdepessac.com\/wp-content\/uploads\/2026\/01\/resultats-Cabot-1024x299.jpg 1024w, https:\/\/asgolfdepessac.com\/wp-content\/uploads\/2026\/01\/resultats-Cabot-300x88.jpg 300w, https:\/\/asgolfdepessac.com\/wp-content\/uploads\/2026\/01\/resultats-Cabot-768x224.jpg 768w, https:\/\/asgolfdepessac.com\/wp-content\/uploads\/2026\/01\/resultats-Cabot.jpg 1534w\" sizes=\"auto, (max-width: 1024px) 100vw, 1024px\" \/><\/figure>\n\n\n\n<div style=\"height:28px\" aria-hidden=\"true\" class=\"wp-block-spacer\"><\/div>\n\n\n\n<p><\/p>\n\n\n\n<p><\/p>\n","protected":false},"excerpt":{"rendered":"<p>CALENDRIER 2025-2026 Conditions de candidature aux Amicales Inter club &nbsp;Nb : les joueuses des \u00e9quipes f\u00e9d\u00e9rales ne sont pas prioritaires Organisation des rencontres Comment candidater&nbsp; En cas de besoin d&rsquo;informations suppl\u00e9mentaires, vous pouvez contacter les responsables : &nbsp;Marie Laure Chabrier : 06 82 43 91 57 &nbsp;Catherine Pennec&nbsp; &nbsp; &nbsp; [&hellip;]<\/p>\n","protected":false},"author":1,"featured_media":52,"parent":625,"menu_order":0,"comment_status":"closed","ping_status":"closed","template":"","meta":{"footnotes":""},"class_list":["post-649","page","type-page","status-publish","has-post-thumbnail","hentry"],"_links":{"self":[{"href":"https:\/\/asgolfdepessac.com\/index.php\/wp-json\/wp\/v2\/pages\/649","targetHints":{"allow":["GET"]}}],"collection":[{"href":"https:\/\/asgolfdepessac.com\/index.php\/wp-json\/wp\/v2\/pages"}],"about":[{"href":"https:\/\/asgolfdepessac.com\/index.php\/wp-json\/wp\/v2\/types\/page"}],"author":[{"embeddable":true,"href":"https:\/\/asgolfdepessac.com\/index.php\/wp-json\/wp\/v2\/users\/1"}],"replies":[{"embeddable":true,"href":"https:\/\/asgolfdepessac.com\/index.php\/wp-json\/wp\/v2\/comments?post=649"}],"version-history":[{"count":4,"href":"https:\/\/asgolfdepessac.com\/index.php\/wp-json\/wp\/v2\/pages\/649\/revisions"}],"predecessor-version":[{"id":13355,"href":"https:\/\/asgolfdepessac.com\/index.php\/wp-json\/wp\/v2\/pages\/649\/revisions\/13355"}],"up":[{"embeddable":true,"href":"https:\/\/asgolfdepessac.com\/index.php\/wp-json\/wp\/v2\/pages\/625"}],"wp:featuredmedia":[{"embeddable":true,"href":"https:\/\/asgolfdepessac.com\/index.php\/wp-json\/wp\/v2\/media\/52"}],"wp:attachment":[{"href":"https:\/\/asgolfdepessac.com\/index.php\/wp-json\/wp\/v2\/media?parent=649"}],"curies":[{"name":"wp","href":"https:\/\/api.w.org\/{rel}","templated":true}]}}