{"id":8846,"date":"2024-12-05T14:03:16","date_gmt":"2024-12-05T13:03:16","guid":{"rendered":"https:\/\/asgolfdepessac.com\/?page_id=8846"},"modified":"2025-11-02T16:26:53","modified_gmt":"2025-11-02T15:26:53","slug":"don","status":"publish","type":"page","link":"https:\/\/asgolfdepessac.com\/index.php\/don\/","title":{"rendered":"DON"},"content":{"rendered":"\n<p><strong>Soutenez L&rsquo;Association Sportive du Golf de Pessac et b\u00e9n\u00e9ficiez d\u2019une d\u00e9fiscalisation avantageuse <\/strong><\/p>\n\n\n\n<p>L\u2019 AS Golf de Pessac \u0153uvre chaque jour dans le but de promouvoir le golf, soutenir nos jeunes talents ainsi que d\u2019organiser des \u00e9v\u00e9nements pour nos membres. Pour continuer \u00e0 d\u00e9velopper nos projets et permettre \u00e0 chacun de profiter pleinement de cette belle discipline, nous avons besoin de votre soutien.<br><\/p>\n\n\n\n<p><strong>Votre don peut faire la diff\u00e9rence !<\/strong><\/p>\n\n\n\n<p>En tant qu&rsquo;association \u00e0 but non lucratif, <strong>nous vous offrons la possibilit\u00e9 de b\u00e9n\u00e9ficier d&rsquo;une r\u00e9duction d\u2019imp\u00f4t&nbsp;<\/strong><\/p>\n\n\n\n<p>\u2022 <strong>60% de votre don est d\u00e9ductible<\/strong> des imp\u00f4ts pour les entreprises (<a href=\"https:\/\/entreprendre.service-public.gouv.fr\/vosdroits\/F22263\">information sur le &nbsp;m\u00e9c\u00e9nat)<\/a><br>\u2022 <strong>66% de votre don est d\u00e9ductible<\/strong> de vos imp\u00f4ts si vous \u00eates un particulier ((<a href=\"https:\/\/www.economie.gouv.fr\/particuliers\/gerer-mon-argent\/beneficier-daides-et-de-reductions-dimpots\/dons-aux-associations\">information sur le don par des particuliers<\/a>)<\/p>\n\n\n\n<p><em>Exemple : Si vous donnez 50\u20ac, cela ne vous co\u00fbtera que 17\u20ac gr\u00e2ce \u00e0 la d\u00e9fiscalisation !<\/em><br><\/p>\n\n\n\n<p><strong>Comment donner ?<\/strong> Effectuer votre don <a href=\"https:\/\/asgolfdepessac-b.fr\/index.php\/produit\/don-a-lassociation\/\" target=\"_blank\" rel=\"noreferrer noopener\"><strong><u>directement en ligne<\/u><\/strong><\/a> et recevez rapidement votre re\u00e7u fiscal.<\/p>\n\n\n\n<p>Vous pouvez aussi faire ce don via <a href=\"https:\/\/www.soutienstonclub.fr\/project\/as-golf-de-pessac\" data-type=\"link\" data-id=\"https:\/\/www.soutienstonclub.fr\/project\/as-golf-de-pessac\" target=\"_blank\" rel=\"noreferrer noopener\">SOUTIENS MON CLUB<\/a><\/p>\n\n\n\n<p>Vous pouvez aussi faire un virement bancaire ou nous envoyer un cheque : envoyer un email \u00e0 asgolfdepessac@gmail.com<\/p>\n\n\n\n<p>Pour les entreprises, une facture peut \u00eatre \u00e9tablie<\/p>\n\n\n\n<p>Votre soutien est essentiel pour nous permettre de continuer \u00e0 offrir un cadre sportif de qualit\u00e9 \u00e0 tous nos membres et participants \u00e0 nos activit\u00e9s.<br><\/p>\n\n\n\n<p>Pour un avenir prometteur, chaque geste compte. Merci de faire partie de cette belle aventure.&nbsp;<\/p>\n\n\n<div class=\"wp-block-image\">\n<figure class=\"aligncenter size-full\"><img decoding=\"async\" src=\"https:\/\/asgolfdepessac.com\/wp-content\/uploads\/2024\/12\/SITE_Don-AS-Golf-Pessac-2.jpg\" alt=\"\" class=\"wp-image-8858\"\/><\/figure>\n<\/div>\n\n\n<p><\/p>\n\n\n\n<p><\/p>\n\n\n\n<p><\/p>\n","protected":false},"excerpt":{"rendered":"<p>Soutenez L&rsquo;Association Sportive du Golf de Pessac et b\u00e9n\u00e9ficiez d\u2019une d\u00e9fiscalisation avantageuse L\u2019 AS Golf de Pessac \u0153uvre chaque jour dans le but de promouvoir le golf, soutenir nos jeunes talents ainsi que d\u2019organiser des \u00e9v\u00e9nements pour nos membres. Pour continuer \u00e0 d\u00e9velopper nos projets et permettre \u00e0 chacun de [&hellip;]<\/p>\n","protected":false},"author":14,"featured_media":52,"parent":0,"menu_order":3,"comment_status":"closed","ping_status":"closed","template":"","meta":{"footnotes":""},"class_list":["post-8846","page","type-page","status-publish","has-post-thumbnail","hentry"],"_links":{"self":[{"href":"https:\/\/asgolfdepessac.com\/index.php\/wp-json\/wp\/v2\/pages\/8846","targetHints":{"allow":["GET"]}}],"collection":[{"href":"https:\/\/asgolfdepessac.com\/index.php\/wp-json\/wp\/v2\/pages"}],"about":[{"href":"https:\/\/asgolfdepessac.com\/index.php\/wp-json\/wp\/v2\/types\/page"}],"author":[{"embeddable":true,"href":"https:\/\/asgolfdepessac.com\/index.php\/wp-json\/wp\/v2\/users\/14"}],"replies":[{"embeddable":true,"href":"https:\/\/asgolfdepessac.com\/index.php\/wp-json\/wp\/v2\/comments?post=8846"}],"version-history":[{"count":0,"href":"https:\/\/asgolfdepessac.com\/index.php\/wp-json\/wp\/v2\/pages\/8846\/revisions"}],"wp:featuredmedia":[{"embeddable":true,"href":"https:\/\/asgolfdepessac.com\/index.php\/wp-json\/wp\/v2\/media\/52"}],"wp:attachment":[{"href":"https:\/\/asgolfdepessac.com\/index.php\/wp-json\/wp\/v2\/media?parent=8846"}],"curies":[{"name":"wp","href":"https:\/\/api.w.org\/{rel}","templated":true}]}}