{"id":9596,"date":"2025-01-29T18:35:23","date_gmt":"2025-01-29T17:35:23","guid":{"rendered":"https:\/\/asgolfdepessac.com\/?page_id=9596"},"modified":"2025-03-14T06:37:12","modified_gmt":"2025-03-14T05:37:12","slug":"clarification-de-la-regle-4","status":"publish","type":"page","link":"https:\/\/asgolfdepessac.com\/index.php\/clarification-de-la-regle-4\/","title":{"rendered":"Clarification de la r\u00e8gle 4"},"content":{"rendered":"\n<p class=\"has-black-color has-background-color-background-color has-text-color has-background\" id=\"C4\"><strong>R\u00e8gle 4.1 Clarifications : les clubs<\/strong><br><strong>4.1a(1)\/1<\/strong> \u2013 L\u2019usure li\u00e9e \u00e0 une utilisation normale ne modifie pas la conformit\u00e9 L\u2019utilisation normale int\u00e8gre les coups, les coups d\u2019entra\u00eenement et les swings d\u2019essai, ainsi que des actions telles que prendre et remettre un club dans le sac de golf. Si l\u2019usure survient lors de l\u2019utilisation normale, le club du joueur est<br>consid\u00e9r\u00e9 comme \u00e9tant conforme, et le joueur peut continuer \u00e0 l\u2019utiliser.<br>Exemples d\u2019usures li\u00e9es \u00e0 une utilisation normale :<br>\u2022 Un mat\u00e9riau \u00e0 l\u2019int\u00e9rieur d\u2019une t\u00eate de club s\u2019est d\u00e9tach\u00e9 et peut cliqueter pendant le coup ou lorsque la t\u00eate est secou\u00e9e.<br>\u2022 Une marque d\u2019usure s\u2019est form\u00e9e sur le grip du club \u00e0 l\u2019endroit o\u00f9 les pouces sont plac\u00e9s.<br>\u2022 Une d\u00e9pression s\u2019est form\u00e9e sur la face du club \u00e0 la suite d\u2019une utilisation r\u00e9p\u00e9t\u00e9e.<br>\u2022 Les rainures sur la face du club sont us\u00e9es.<br><strong>4.1a(1)\/2<\/strong> \u2013 Pas de p\u00e9nalit\u00e9 pour un coup jou\u00e9 avec un club non conforme en cas de coup annul\u00e9<br>Si un joueur joue un coup avec un club non conforme, le joueur n\u2019est pas disqualifi\u00e9 si le coup ne compte pas dans le score du joueur.<br>Exemples de situations dans lesquelles le joueur n\u2019encourt pas de p\u00e9nalit\u00e9 pour avoir jou\u00e9 un coup avec un club non conforme :<br>\u2022 Le joueur a utilis\u00e9 le club pour jouer un coup sur une balle provisoire, mais celle-ci n\u2019est jamais devenue la balle en jeu.<br>\u2022 Le joueur a utilis\u00e9 le club pour jouer un coup, mais le coup a \u00e9t\u00e9 annul\u00e9, rejou\u00e9 ou autrement n\u2019a pas compt\u00e9.<br>\u2022 Le joueur a utilis\u00e9 le club pour jouer un coup sur une deuxi\u00e8me balle selon la R\u00e8gle 20.1c(3), mais cette balle n\u2019\u00e9tait pas la balle qui comptait pour son score.<br><strong>4.1a(2)\/1<\/strong> \u2013 Signification de \u00ab r\u00e9parer \u00bb<br>Exemples de r\u00e9paration :<br>\u2022 Remplacer une bande de plomb qui est tomb\u00e9e pendant un coup. \u00c9tant donn\u00e9 la nature d\u2019une bande de plomb, si la bande de plomb d\u00e9tach\u00e9e ne peut \u00eatre replac\u00e9e sur le club au m\u00eame endroit et y demeurer, une nouvelle bande de plomb peut \u00eatre utilis\u00e9e.<br>\u2022 Resserrer des m\u00e9canismes r\u00e9glables qui se desserrent pendant le tour sur des clubs qui en comportent, mais pas proc\u00e9der \u00e0 un r\u00e9glage diff\u00e9rent du club.<br><strong>4.1b\/1 <\/strong>\u2013 Comment appliquer la p\u00e9nalit\u00e9 d\u2019ajustement une fois qu\u2019un joueur a commenc\u00e9 un trou durant un match<br>Si un joueur dans un match a commenc\u00e9 le jeu d\u2019un trou quand une infraction \u00e0 la R\u00e8gle 4.1b est d\u00e9couverte, la p\u00e9nalit\u00e9 d\u2019ajustement du match est appliqu\u00e9e \u00e0 la fin de ce trou. Si le joueur en infraction n\u2019a pas commenc\u00e9 ce trou, il est entre le jeu de deux trous et n\u2019est pas en infraction sur le prochain trou.<br>Par exemple, apr\u00e8s avoir fini le premier trou, le joueur joue du d\u00e9part du deuxi\u00e8me trou. Avant que l\u2019adversaire ne joue, l\u2019adversaire prend conscience qu\u2019il transporte 15 clubs en infraction avec la R\u00e8gle 4.1b(1). Comme l\u2019adversaire n\u2019a pas commenc\u00e9 le deuxi\u00e8me trou, le score du match n\u2019est ajust\u00e9 que d\u2019un trou en faveur du joueur, mais le score du match n\u2019est pas modifi\u00e9 tant que le deuxi\u00e8me trou n\u2019est<br>pas fini, puisque le deuxi\u00e8me trou a commenc\u00e9 quand le joueur a jou\u00e9 du d\u00e9part.<br><strong>4.1b(1)\/1<\/strong> \u2013 Des clubs transport\u00e9s pour le joueur sont pris en compte pour la limite de 14 clubs<br>La limite de 14 clubs s\u2019applique \u00e0 tout club transport\u00e9 par le joueur, son cadet ou toute autre personne \u00e0 qui il demande de transporter des clubs.<br>Par exemple, si un joueur commence le tour avec 10 clubs et demande \u00e0 une autre personne de marcher avec le groupe et de transporter 8 clubs suppl\u00e9mentaires parmi lesquels le joueur a l\u2019intention d\u2019en s\u00e9lectionner certains pour les ajouter dans son sac pendant le tour, le joueur est consid\u00e9r\u00e9 comme ayant commenc\u00e9 le tour avec plus de 14 clubs.<br><strong>4.1b(2)\/1<\/strong> \u2013 Plusieurs joueurs peuvent transporter des clubs dans un seul sac<br>Il n\u2019y a pas de restriction dans les R\u00e8gles \u00e0 ce que plusieurs joueurs (par ex. des partenaires) portent leurs clubs dans un seul sac. Cependant, pour r\u00e9duire le risque de p\u00e9nalit\u00e9 selon la R\u00e8gle 4.1b, ils doivent s\u2019assurer que les clubs sont clairement identifiables pour chaque joueur.<br><strong>4.1b(2)\/2<\/strong> \u2013 Partager des clubs n\u2019est pas autoris\u00e9 pour des coups qui comptent dans le score d\u2019un joueur<br>L\u2019interdiction de partager des clubs s\u2019applique uniquement aux coups qui comptent dans le score d\u2019un joueur. Elle ne s\u2019applique pas aux swings d\u2019essai, aux coups d\u2019entra\u00eenement ou aux coups jou\u00e9s apr\u00e8s que le r\u00e9sultat d\u2019un trou est acquis.<br>Par exemple, il n\u2019y a pas de p\u00e9nalit\u00e9 selon la R\u00e8gle 4.1b si, entre le jeu de deux trous, un joueur emprunte le putter d\u2019un autre joueur et fait plusieurs putts d\u2019en tra\u00eenement sur le green du trou juste fini.<br><strong>4.1b(4)\/1<\/strong> \u2013 Des composants de club peuvent \u00eatre assembl\u00e9s lorsqu\u2019ils ne sont pas transport\u00e9s par ou pour un joueur<br>La R\u00e8gle 4.1b(4) interdit \u00e0 un joueur d\u2019assembler un club \u00e0 partir d\u2019\u00e9l\u00e9ments qu\u2019il transporte ou que toute autre personne transporte pour lui ou pour tout autre joueur qui est en train de jouer sur le parcours. Il n\u2019y a pas de restriction \u00e0 ce que le joueur r\u00e9cup\u00e8re des \u00e9l\u00e9ments pour assembler un club ou \u00e0 ce qu\u2019on lui en apporte.<br>Par exemple, si un joueur est autoris\u00e9 \u00e0 ajouter un club (voir la R\u00e8gle 4.1b(1)) ou \u00e0 remplacer un club endommag\u00e9 (voir la R\u00e8gle 4.1b(3)), des \u00e9l\u00e9ments de club apport\u00e9s du club-house (par ex. du casier du joueur), du magasin de golf, ou du camion d\u2019un fabricant, ou d\u2019autres endroits similaires, ne sont pas consid\u00e9r\u00e9s comme \u00ab transport\u00e9s par qui que ce soit pour le joueur pendant le tour \u00bb et peuvent \u00eatre assembl\u00e9s par le joueur ou toute autre personne.<\/p>\n\n\n\n<p class=\"has-black-color has-background-color-background-color has-text-color has-background\" id=\"C4\"><strong>R\u00e8gle 4.2 Clarifications : les balles<\/strong><br><strong>4.2a(1)\/1<\/strong> \u2013 Statut d\u2019une balle ne figurant pas sur la liste des balles de golf conformes<br>Dans une comp\u00e9tition pour laquelle le Comit\u00e9 n\u2019a pas adopt\u00e9 la R\u00e8gle locale exigeant que les joueurs utilisent une marque et un mod\u00e8le de balle figurant sur la derni\u00e8re liste des Balles de golf conformes, un joueur peut utiliser les balles de golf suivantes :<br>\u2022 Les marques et les mod\u00e8les qui n\u2019ont jamais \u00e9t\u00e9 test\u00e9s \u2013 ceux-ci sont suppos\u00e9s conformes et la charge de la preuve incombe \u00e0 la personne qui pr\u00e9tend que la balle n\u2019est pas conforme.<br>\u2022 Les marques et les mod\u00e8les qui figuraient sur une liste pr\u00e9c\u00e9dente, mais qui n\u2019ont pas \u00e9t\u00e9 soumis \u00e0 nouveau pour inclusion dans la liste actuelle \u2013 ceux-ci sont suppos\u00e9s continuer \u00e0 \u00eatre conformes.<br>Toutefois, les marques et les mod\u00e8les test\u00e9s et jug\u00e9s non conformes aux R\u00e8gles sur l\u2019\u00e9quipement ne doivent pas \u00eatre jou\u00e9s, que la R\u00e8gle locale ait \u00e9t\u00e9 adopt\u00e9e ou pas.<br><strong>4.2a(1)\/2<\/strong> \u2013 Statut des balles \u00ab X-Out \u00bb, \u00ab Reconditionn\u00e9e \u00bb et \u00ab Practice \u00bb<br>Si un joueur choisit de jouer une balle marqu\u00e9e \u00ab X-Out \u00bb ou \u00ab Practice \u00bb par le fabricant, ou une balle qui a \u00e9t\u00e9 reconditionn\u00e9e, ces balles sont trait\u00e9es comme suit selon les R\u00e8gles sur l\u2019\u00e9quipement :<br>\u2022 \u00ab X-Out \u00bb est le nom commun utilis\u00e9 pour une balle de golf que le fabricant consid\u00e8re comme \u00e9tant imparfaite (souvent pour des raisons esth\u00e9tiques uniquement, telles que des erreurs de peinture ou d\u2019impression) et sur laquelle il a donc ray\u00e9 le nom de la marque. \u00ab Reconditionn\u00e9e \u00bb se r\u00e9f\u00e8re \u00e0 une balle de golf de seconde main qui a \u00e9t\u00e9 nettoy\u00e9e et estampill\u00e9e \u00ab reconditionn\u00e9e \u00bb ou qui a \u00e9t\u00e9 marqu\u00e9e avec une estampille similaire.<br>En l\u2019absence de preuves solides sugg\u00e9rant qu\u2019une balle \u00ab X-Out \u00bb ou \u00ab Reconditionn\u00e9e \u00bb n\u2019est pas conforme aux R\u00e8gles sur l\u2019\u00e9quipement, un joueur est autoris\u00e9 \u00e0 l\u2019utiliser.<br>Toutefois, si le Comit\u00e9 a adopt\u00e9 la liste des Balles de golf conformes en tant que R\u00e8gle locale, une telle balle ne doit pas \u00eatre utilis\u00e9e m\u00eame si les marques d\u2019identification sur la balle en question figurent sur la liste.<br>\u2022 Les balles \u00ab Practice \u00bb sont clairement r\u00e9pertori\u00e9es, il s\u2019agit de balles de golf conformes qui ont \u00e9t\u00e9 marqu\u00e9es \u00ab Practice \u00bb ou avec une estampille similaire.<br>Les balles \u00ab Practice \u00bb sont trait\u00e9es de la m\u00eame mani\u00e8re que les balles de golf o\u00f9 figure le nom d\u2019un club de golf ou d\u2019un parcours, d\u2019une entreprise, d\u2019une \u00e9cole ou un autre logo.<br>Ces balles peuvent \u00eatre utilis\u00e9es m\u00eame lorsque le Comit\u00e9 a adopt\u00e9 la liste des Balles de golf conformes comme R\u00e8gle locale.<br><strong>4.2a(1)\/3<\/strong> \u2013 Pas de p\u00e9nalit\u00e9 pour avoir jou\u00e9 une balle non conforme lorsque le coup est annul\u00e9<br>Si un joueur joue un coup sur une balle non conforme ou une balle ne figurant pas sur la liste des balles de golf conformes lorsque la R\u00e8gle locale est en vigueur, il n\u2019est pas disqualifi\u00e9 si le coup ne compte pas dans le score du joueur.<br>Exemples de situations o\u00f9 un joueur n\u2019encourt pas de p\u00e9nalit\u00e9 pour avoir jou\u00e9 une balle qui n\u2019est pas autoris\u00e9e :<br>\u2022 Dans le cas d\u2019une balle provisoire, mais la balle provisoire n\u2019est jamais devenue la balle en jeu.<br>\u2022 Lorsque le coup avec cette balle a \u00e9t\u00e9 annul\u00e9, rejou\u00e9 ou autrement n\u2019a pas compt\u00e9.<br>\u2022 Dans le cas d\u2019une deuxi\u00e8me balle selon la R\u00e8gle 20.1c(3), mais cette balle n\u2019\u00e9tait pas la balle qui comptait pour son score.<\/p>\n\n\n\n<p class=\"has-black-color has-background-color-background-color has-text-color has-background\" id=\"C4\"><strong>R\u00e8gle 4.3 Clarifications : utilisation d\u2019\u00e9quipements<\/strong><br><strong>4.3a\/1<\/strong> &#8211; Limitations sur l\u2019utilisation de supports de lecture de greens<br>La R\u00e8gle 4.3 limite l\u2019utilisation d\u2019\u00e9quipements et de dispositifs susceptibles d\u2019aider un joueur dans son jeu, en partant du principe que le golf est un challenge dans lequel le succ\u00e8s d\u00e9pend du jugement, des comp\u00e9tences et des capacit\u00e9s du joueur. Cette Clarification de la R\u00e8gle 4.3 limite la taille et l\u2019\u00e9chelle des plans d\u00e9taill\u00e9s de green et de tout mat\u00e9riel \u00e9lectronique ou num\u00e9rique similaire qu\u2019un joueur peut utiliser pendant un tour pour faciliter la lecture de sa ligne de jeu pour tout coup jou\u00e9 depuis le green, de sorte que la capacit\u00e9 d\u2019un joueur \u00e0 lire un green reste une partie essentielle de sa comp\u00e9tence en mati\u00e8re de putting.<br>Plans de green<br>Le joueur est autoris\u00e9 \u00e0 utiliser un plan de green ou d\u2019autres informations relatives au green, sauf que :<br>\u2022 Toute image d\u2019un green doit \u00eatre limit\u00e9e \u00e0 une \u00e9chelle de 10 mm pour 4,80 m (1\/480) ou moins (\u00ab l\u2019\u00e9chelle limite \u00bb).<br>\u2022 Tout livre ou autre papier contenant une carte ou une image d\u2019un green ne doit pas exc\u00e9der 10,8 cm sur 17,8 cm (la \u00ab taille limite \u00bb), bien qu\u2019une \u00ab feuille d\u2019emplacement de trou \u00bb affichant 9 trous ou plus sur une seule feuille de papier puisse \u00eatre plus grande, \u00e0 condition que toute image d\u2019un seul green<br>respecte l\u2019\u00e9chelle limite.<br>\u2022 Aucun agrandissement d\u2019informations relatives au green n\u2019est autoris\u00e9 autre que par le port de lunettes ou de lentilles correctrices par le joueur.<br>\u2022 Les informations dessin\u00e9es ou \u00e9crites \u00e0 la main \u00e0 propos d\u2019un green ne sont autoris\u00e9es que si elles sont contenues dans un livre ou sur un document respectant la taille limite et sont de la main du joueur et\/ou de son cadet.<br>Plans de green \u00e9lectroniques ou num\u00e9riques<br>Sous forme \u00e9lectronique ou num\u00e9rique, toute image d\u2019un green doit respecter les limites mentionn\u00e9es ci-dessus en mati\u00e8re d\u2019\u00e9chelle et de taille. M\u00eame lors qu\u2019une carte de green \u00e9lectronique ou num\u00e9rique respecte les limites ci-dessus, le joueur enfreint toujours la R\u00e8gle 4.3 s\u2019il utilise un appareil d\u2019une mani\u00e8re non conforme \u00e0 l\u2019objectif de ces limites, par exemple :<br>\u2022 En augmentant la taille de la repr\u00e9sentation du green au-del\u00e0 de l\u2019\u00e9chelle ou de la taille limites ;<br>\u2022 En cr\u00e9ant une ligne de jeu recommand\u00e9e en fonction de l\u2019endroit (ou de l\u2019endroit estim\u00e9) o\u00f9 se trouve la balle du joueur (voir R\u00e8gle 4.3a(1)).<br><strong>4.3a\/2 <\/strong>&#8211; Situation o\u00f9 l\u2019utilisation d\u2019un dispositif d\u2019alignement implique une infraction<br>Si un joueur place un \u00ab dispositif d\u2019alignement \u00bb (voir les d\u00e9finitions dans les R\u00e8gles sur l\u2019\u00e9quipement) pour montrer la ligne de jeu et oriente ensuite sa balle en fonction de la direction de ce dispositif d\u2019alignement, le joueur enfreint la R\u00e8gle 4.3a.<br>Par exemple, la balle d\u2019un joueur vient reposer sur le green et le joueur marque l\u2019emplacement de sa balle avec un \u00ab dispositif d\u2019alignement \u00bb. En proc\u00e9dant ainsi, le dispositif d\u2019alignement est plac\u00e9 de mani\u00e8re \u00e0 indiquer la ligne de jeu. Si le joueur rel\u00e8ve sa balle et la replace ensuite (y compris en la faisant tourner) de sorte qu\u2019une marque sur la balle soit align\u00e9e avec le dispositif d\u2019alignement, le joueur est en infraction avec la R\u00e8gle 4.3a. (Nouvelle)<br><strong>4.3a(1)\/1<\/strong> \u2013 Restrictions sur l\u2019utilisation d\u2019un \u00e9quipement pour mesurer la pente<br>Bien qu\u2019un joueur puisse utiliser son club comme fil \u00e0 plomb pour l\u2019aider \u00e0 juger ou \u00e9valuer la pente et les contours, il y a d\u2019autres \u00e9quipements que le joueur ne peut pas utiliser pour juger une pente ou un contour.<br>Par exemple, un joueur n\u2019est pas autoris\u00e9 \u00e0 \u00e9valuer une pente en :<br>\u2022 Pla\u00e7ant une boisson en bouteille pour servir de niveau.<br>\u2022 Tenant ou posant un niveau \u00e0 bulle.<br>\u2022 Utilisant un poids suspendu \u00e0 une ficelle en tant que fil \u00e0 plomb.<\/p>\n","protected":false},"excerpt":{"rendered":"<p>R\u00e8gle 4.1 Clarifications : les clubs4.1a(1)\/1 \u2013 L\u2019usure li\u00e9e \u00e0 une utilisation normale ne modifie pas la conformit\u00e9 L\u2019utilisation normale int\u00e8gre les coups, les coups d\u2019entra\u00eenement et les swings d\u2019essai, ainsi que des actions telles que prendre et remettre un club dans le sac de golf. Si l\u2019usure survient lors [&hellip;]<\/p>\n","protected":false},"author":8,"featured_media":9462,"parent":0,"menu_order":0,"comment_status":"closed","ping_status":"closed","template":"","meta":{"footnotes":""},"class_list":["post-9596","page","type-page","status-publish","has-post-thumbnail","hentry"],"_links":{"self":[{"href":"https:\/\/asgolfdepessac.com\/index.php\/wp-json\/wp\/v2\/pages\/9596","targetHints":{"allow":["GET"]}}],"collection":[{"href":"https:\/\/asgolfdepessac.com\/index.php\/wp-json\/wp\/v2\/pages"}],"about":[{"href":"https:\/\/asgolfdepessac.com\/index.php\/wp-json\/wp\/v2\/types\/page"}],"author":[{"embeddable":true,"href":"https:\/\/asgolfdepessac.com\/index.php\/wp-json\/wp\/v2\/users\/8"}],"replies":[{"embeddable":true,"href":"https:\/\/asgolfdepessac.com\/index.php\/wp-json\/wp\/v2\/comments?post=9596"}],"version-history":[{"count":0,"href":"https:\/\/asgolfdepessac.com\/index.php\/wp-json\/wp\/v2\/pages\/9596\/revisions"}],"wp:featuredmedia":[{"embeddable":true,"href":"https:\/\/asgolfdepessac.com\/index.php\/wp-json\/wp\/v2\/media\/9462"}],"wp:attachment":[{"href":"https:\/\/asgolfdepessac.com\/index.php\/wp-json\/wp\/v2\/media?parent=9596"}],"curies":[{"name":"wp","href":"https:\/\/api.w.org\/{rel}","templated":true}]}}