{"id":9844,"date":"2025-02-07T15:40:15","date_gmt":"2025-02-07T14:40:15","guid":{"rendered":"https:\/\/asgolfdepessac.com\/?page_id=9844"},"modified":"2026-03-26T09:49:59","modified_gmt":"2026-03-26T08:49:59","slug":"challenge-9-trous-rouge","status":"publish","type":"page","link":"https:\/\/asgolfdepessac.com\/index.php\/activites\/challenge-9-trous-rouge\/","title":{"rendered":"CHALLENGE 9 TROUS ROUGE"},"content":{"rendered":"<div dir=\"ltr\">\n<div style=\"text-align: center;\"><\/div>\n<div><\/div>\n<div style=\"text-align: center;\"><span style=\"font-size: revert; color: initial; font-family: -apple-system, BlinkMacSystemFont, 'Segoe UI', Roboto, Oxygen-Sans, Ubuntu, Cantarell, 'Helvetica Neue', sans-serif;\">Cette \u00e9preuve entre dans le cadre d\u2019un CHALLENGE INDIVIDUEL \u00e9tal\u00e9 sur l\u2019ann\u00e9e 2026 dont les dates sont les suivantes:<\/span><\/div>\n<div>\n<p style=\"text-align: center;\"><b>Samedi 21 Mars:\u00a0 T1 &#8211; <a href=\"https:\/\/asgolfdepessac.com\/wp-content\/uploads\/2026\/03\/CHALLENGE-9-ROUGE-T1-2026.pdf\" target=\"_blank\" rel=\"noopener\">R\u00e9sultats\u00a0<\/a><\/b><\/p>\n<p style=\"text-align: center;\"><b>Dimanche 19 Avril: T2<\/b><\/p>\n<p style=\"text-align: center;\"><b>Samedi 16 Mai: T3<\/b><\/p>\n<p style=\"text-align: center;\"><b>Samedi 20 Juin: T4<\/b><\/p>\n<p style=\"text-align: center;\"><strong>Lundi 20 Juillet: T5<\/strong><\/p>\n<p style=\"text-align: center;\"><strong>Mardi 4 Ao\u00fbt: T6<\/strong><\/p>\n<p style=\"text-align: center;\"><strong>Samedi 29 Ao\u00fbt: T7<\/strong><\/p>\n<p style=\"text-align: center;\"><b>Dimanche 13 Septembre: T8<\/b><\/p>\n<p style=\"text-align: center;\"><b>Samedi 10 Octobre: T9<\/b><\/p>\n<p style=\"text-align: center;\"><b>Samedi 7 Novembre: T10<\/b><\/p>\n<p style=\"text-align: center;\"><\/p>\n<\/div>\n<\/div>\n<p style=\"text-align: left;\"><b>R\u00c8GLES ET RECOMMANDATIONS:<\/b><\/p>\n<ul>\n<li style=\"font-weight: 400;\" aria-level=\"1\"><span style=\"font-weight: 400;\">Cette comp\u00e9tition de club est organis\u00e9e suivant les r\u00e8gles et recommandations de la F\u00e9d\u00e9ration\u00a0 Fran\u00e7aise de Golf (FFG)\u00a0<\/span><\/li>\n<li style=\"font-weight: 400;\" aria-level=\"1\"><span style=\"font-weight: 400;\">Les r\u00e8gles locales \u00e9tablies par l\u2019association sportive sont en accord avec l\u2019exploitant du Golf de Pessac. Elles seront jointes au formulaire d\u2019inscription de chaque journ\u00e9e de comp\u00e9tition<\/span><\/li>\n<li style=\"font-weight: 400;\" aria-level=\"1\"><span style=\"font-weight: 400;\">Le Comit\u00e9 de l\u2019\u00e9preuve est compos\u00e9 du \/ de \/d\u2019 :<\/span>\n<ul>\n<li style=\"font-weight: 400;\" aria-level=\"2\"><span style=\"font-weight: 400;\">Pr\u00e9sident de l\u2019AS du Golf de Pessac ou son repr\u00e9sentant<\/span><\/li>\n<li style=\"font-weight: 400;\" aria-level=\"2\"><span style=\"font-weight: 400;\">L\u2019organisateur de la comp\u00e9tition du jour<\/span><\/li>\n<li style=\"font-weight: 400;\" aria-level=\"2\"><span style=\"font-weight: 400;\">Un arbitre de Golf\u00a0<\/span><\/li>\n<\/ul>\n<\/li>\n<\/ul>\n<p><b>POUR PARTICIPER \u00c0 UNE COMP\u00c9TITION, le JOUEUR DOIT:\u00a0<\/b><\/p>\n<p><span style=\"font-weight: 400;\">&#8211; Remplir les conditions particuli\u00e8res relatives \u00e0 toutes les comp\u00e9titions (certificat m\u00e9dical ou questionnaire de sant\u00e9 &#8211; licence FFG &#8211; adh\u00e9sion \u00e0 l\u2019AS du golf de Pessac valid\u00e9s pour l\u2019ann\u00e9e en cours, droits de jeu r\u00e9gl\u00e9s, etc\u2026.)\u00a0<\/span><\/p>\n<p><span style=\"font-weight: 400;\">&#8211; S\u2019inscrire d\u00e8s que la comp\u00e9tition est ouverte, en principe 3 semaines avant la date\u00a0<\/span><\/p>\n<p><span style=\"font-weight: 400;\">&#8211; Annuler, si impossibilit\u00e9 de participer, en utilisant le formulaire d\u2019annulation sur le lien d\u2019inscription<\/span><\/p>\n<p><span style=\"font-weight: 400;\">&#8211; Consulter les horaires de d\u00e9part sur le site de l\u2019AS (page d\u2019accueil) ou sur son espace personnel de la FFG\u00a0<\/span><\/p>\n<p><span style=\"font-weight: 400;\">&#8211; Se pr\u00e9senter \u00e0 l\u2019accueil du golf 30 minutes avant son d\u00e9part afin de r\u00e9gler les droits d\u2019acc\u00e8s au parcours pour les non abonn\u00e9s<\/span><\/p>\n<p><span style=\"font-weight: 400;\">&#8211; Se pr\u00e9senter aux ordres du starter 10 minutes avant son d\u00e9part<\/span><\/p>\n<p><span style=\"font-weight: 400;\">&#8211; Jouer dans le temps de jeu raisonnable not\u00e9 sur la carte de score et suivre par principe la partie pr\u00e9c\u00e9dente. Plus pr\u00e9cis\u00e9ment, le temps de jeu d\u2019une comp\u00e9tition Stableford individuel avec 3 joueurs doit se d\u00e9rouler en moins de 2H10<\/span><\/p>\n<p><span style=\"font-weight: 400;\">&#8211; S\u2019engager \u00e0 suivre toutes consignes donn\u00e9es par le starter et \/ou le commissaire de parcours si pr\u00e9sent<\/span><\/p>\n<p><span style=\"font-weight: 400;\">&#8211; Sauf avis contraire du Comit\u00e9, les voiturettes sont autoris\u00e9es pour les joueurs ayant d\u00e9pos\u00e9 pr\u00e9alablement un certificat m\u00e9dical original pr\u00e9cisant la n\u00e9cessit\u00e9 de cet usage pour pouvoir participer<\/span><\/p>\n<p><span style=\"font-weight: 400;\">Pour toutes les comp\u00e9titions organis\u00e9es par l\u2019AS, sauf information sp\u00e9cifi\u00e9e sur la fiche d\u2019inscription, les <\/span><span style=\"font-weight: 400;\">adh\u00e9rents de l\u2019AS sont prioritaires<\/span><span style=\"font-weight: 400;\">. En cons\u00e9quence, si le champ est plein, les joueurs non adh\u00e9rents de l\u2019AS pourront \u00eatre mis en LISTE d\u2019ATTENTE<\/span><\/p>\n<p><span style=\"font-weight: 400;\">Les joueurs inscrits sur liste d\u2019attente seront inform\u00e9s par l\u2019organisateur d\u00e8s qu\u2019ils sont retenus ou pas<\/span><\/p>\n<p><span style=\"font-weight: 400;\">Les joueurs retenus pour participer sont les premiers inscrits<\/span><\/p>\n<p><span style=\"font-weight: 400;\">Les joueurs doivent consulter r\u00e9guli\u00e8rement leur statut sur les listes d\u2019inscriptions publi\u00e9es<\/span><\/p>\n<p><b>EN CAS DE FORCE MAJEURE JUSTIFI\u00c9E<\/b><span style=\"font-weight: 400;\">\/<\/span><\/p>\n<p><span style=\"font-weight: 400;\">Un joueur ne pouvant pas se pr\u00e9senter aux d\u00e9parts doit en informer l\u2019accueil du golf d\u00e8s que possible (05.57.26.03.33 ou par mail \u00e0 : <\/span><a href=\"mailto:bordeaux.pessac@bluegreen.fr\"><span style=\"font-weight: 400;\">bordeaux.pessac@bluegreen.fr<\/span><\/a> <span style=\"font-weight: 400;\">copie \u00e0<\/span> <a href=\"mailto:asgolfdepessac@gmail.com\"><span style=\"font-weight: 400;\">asgolfdepessac@gmail.com<\/span><\/a><span style=\"font-weight: 400;\">)<\/span><\/p>\n<p><span style=\"font-weight: 400;\">En cas d&rsquo;absence r\u00e9p\u00e9titive d&rsquo;un joueur, et sans avoir pr\u00e9venu l&rsquo;accueil du golf et\/ou les organisateurs, les mesures suivantes peuvent \u00eatre prises par l\u2019association sportive et la direction du golf :<\/span><\/p>\n<p><span style=\"font-weight: 400;\">&#8211; Inscription syst\u00e9matique en liste d\u2019attente,\u00a0<\/span><\/p>\n<p><span style=\"font-weight: 400;\">&#8211; Enregistrement \u00ab disqualification \u00bb dans le r\u00e9sultat de la comp\u00e9tition,<\/span><\/p>\n<p><span style=\"font-weight: 400;\">&#8211; D\u00e9part syst\u00e9matique en fin de liste.\u00a0<\/span><\/p>\n<p><span style=\"font-weight: 400;\">&#8211; \u00c9ventuellement, une interdiction de participer aux comp\u00e9titions sur le Golf Blue Green de Pessac peut \u00eatre appliqu\u00e9e<\/span><\/p>\n<p><b>FORMULE DE JEU du CHALLENGE 9 ROUGE 2026<\/b><span style=\"font-weight: 400;\">:\u00a0<\/span><\/p>\n<ul>\n<li style=\"font-weight: 400;\" aria-level=\"1\"><span style=\"font-weight: 400;\">Individuel Stableford<\/span><\/li>\n<li style=\"font-weight: 400;\" aria-level=\"1\"><span style=\"font-weight: 400;\">Comp\u00e9tition non fumeur<\/span><\/li>\n<li style=\"font-weight: 400;\" aria-level=\"1\"><span style=\"font-weight: 400;\">Comp\u00e9tition qui compte pour l\u2019index pour les joueurs dont le handicap est sup\u00e9rieur ou \u00e9gal \u00e0 11,5<\/span><\/li>\n<li style=\"font-weight: 400;\" aria-level=\"1\"><span style=\"font-weight: 400;\">D\u00e9part Rouge pour les Dames<\/span><\/li>\n<li style=\"font-weight: 400;\" aria-level=\"1\"><span style=\"font-weight: 400;\">D\u00e9part Jaune pour les Messieurs<\/span><\/li>\n<li aria-level=\"1\">D\u00e9parts pour les Jeunes (n\u00e9s \u00e0 partir de 2008 inclus): Choix des marques de d\u00e9part sur le formulaire d&rsquo;inscription de la comp\u00e9tition\u00a0<\/li>\n<\/ul>\n<p><b>ENREGISTREMENT DES SCORES &amp; R\u00c9SULTATS:<\/b><\/p>\n<p><span style=\"font-weight: 400;\">A la fin de chaque comp\u00e9tition, les marqueurs et joueurs doivent se rendre ensemble dans les 10 minutes suivantes d\u00e8s la fin du dernier trou aupr\u00e8s de la personne charg\u00e9e de saisir les scores\u00a0 ou aupr\u00e8s de l\u2019accueil afin de remettre leurs cartes de score certifi\u00e9es et sign\u00e9es conjointement.<\/span><\/p>\n<p><span style=\"font-weight: 400;\">Les r\u00e9sultats seront visibles soit sur le site de l\u2019AS du golf de pessac:\u00a0 <\/span><a href=\"https:\/\/asgolfdepessac.com\/\"><span style=\"font-weight: 400;\">https:\/\/asgolfdepessac.com\/<\/span><\/a><span style=\"font-weight: 400;\"> , onglet ACCUEIL \/ <\/span><span style=\"font-weight: 400;\">RESULTATS DES COMPETITIONS DE PESSAC ou bien sur votre espace personnel de la FFG<\/span><\/p>\n<p><b>CLASSEMENT FINAL DAMES, MESSIEURS, JEUNES:<\/b><\/p>\n<p><span style=\"font-weight: 400;\">Sur les 7 tours, il sera \u00e9tabli sur la somme des 5 meilleurs scores bruts et nets pour les Cat\u00e9gories Dames et Messieurs, et, sur les 5 meilleurs scores nets pour la Cat\u00e9gorie Jeunes. N\u00e9anmoins, le comit\u00e9 d\u2019\u00e9preuve se r\u00e9serve le droit de modifier le mode de calcul si un nombre important de tours ne peut \u00eatre organis\u00e9 pour des raisons sanitaires ou climatiques<\/span><\/p>\n<p><span style=\"font-weight: 400;\">Pour le joueur qui aura le meilleur score en brut dans sa cat\u00e9gorie Dames, Messieurs, ainsi que le meilleur score en net, le brut sera privil\u00e9gi\u00e9 et il ne sera pas r\u00e9compens\u00e9 en net, ceci afin qu\u2019un maximum de participants soit prim\u00e9.<\/span><\/p>\n<p><span style=\"font-weight: 400;\">En cas d\u2019\u00e9galit\u00e9, pour toutes les cat\u00e9gories, le dernier score des joueurs sera pris en compte et compar\u00e9. Le meilleur score sera le prim\u00e9. Dans le cas o\u00f9 le d\u00e9partage ne sera toujours pas possible, on comparera l&rsquo;avant-dernier score et ainsi de suite jusqu\u2019\u00e0 qu\u2019un seul joueur reste en lice. Au final, si pas de possibilit\u00e9 suppl\u00e9mentaire, les joueurs resteront ex aequo.\u00a0<\/span><\/p>\n<p><span style=\"font-weight: 400;\">La<\/span><b> remise des prix<\/b><span style=\"font-weight: 400;\"> se fera le <strong>19<\/strong><\/span><b>\u00a0Novembre 2026<\/b><span style=\"font-weight: 400;\">\u00a0au sein du Golf de Pessac<\/span><\/p>\n<p><span style=\"font-weight: 400;\">Des lots seront remis aux class\u00e9s dans chaque cat\u00e9gorie. Le nombre de lots attribu\u00e9s d\u00e9pendra de la participation en nombre de d\u00e9parts de l\u2019ensemble des tours du challenge consid\u00e9r\u00e9.<\/span><\/p>\n<p style=\"text-align: center;\"><b>BON CHALLENGE \u00e0 tous<\/b><\/p>\n<p style=\"text-align: center;\"><span style=\"font-weight: 400;\">Le bureau de l\u2019AS du Golf de Pessac<\/span><\/p>\n<p style=\"text-align: center;\"><!--more--><\/p>\n<p><!--more--><\/p>\n\n\n<div class=\"wp-block-buttons is-layout-flex wp-block-buttons-is-layout-flex\"><\/div>\n\n\n\n<div class=\"wp-block-buttons is-layout-flex wp-block-buttons-is-layout-flex\"><\/div>\n\n\n\n<figure><table><tbody><tr><td><\/td><td><\/td><\/tr><\/tbody><\/table><\/figure>\n","protected":false},"excerpt":{"rendered":"<p>Cette \u00e9preuve entre dans le cadre d\u2019un CHALLENGE INDIVIDUEL \u00e9tal\u00e9 sur l\u2019ann\u00e9e 2026 dont les dates sont les suivantes: Samedi 21 Mars:\u00a0 T1 &#8211; R\u00e9sultats\u00a0 Dimanche 19 Avril: T2 Samedi 16 Mai: T3 Samedi 20 Juin: T4 Lundi 20 Juillet: T5 Mardi 4 Ao\u00fbt: T6 Samedi 29 Ao\u00fbt: T7 Dimanche [&hellip;]<\/p>\n","protected":false},"author":6,"featured_media":52,"parent":502,"menu_order":0,"comment_status":"closed","ping_status":"closed","template":"","meta":{"footnotes":""},"class_list":["post-9844","page","type-page","status-publish","has-post-thumbnail","hentry"],"_links":{"self":[{"href":"https:\/\/asgolfdepessac.com\/index.php\/wp-json\/wp\/v2\/pages\/9844","targetHints":{"allow":["GET"]}}],"collection":[{"href":"https:\/\/asgolfdepessac.com\/index.php\/wp-json\/wp\/v2\/pages"}],"about":[{"href":"https:\/\/asgolfdepessac.com\/index.php\/wp-json\/wp\/v2\/types\/page"}],"author":[{"embeddable":true,"href":"https:\/\/asgolfdepessac.com\/index.php\/wp-json\/wp\/v2\/users\/6"}],"replies":[{"embeddable":true,"href":"https:\/\/asgolfdepessac.com\/index.php\/wp-json\/wp\/v2\/comments?post=9844"}],"version-history":[{"count":8,"href":"https:\/\/asgolfdepessac.com\/index.php\/wp-json\/wp\/v2\/pages\/9844\/revisions"}],"predecessor-version":[{"id":14166,"href":"https:\/\/asgolfdepessac.com\/index.php\/wp-json\/wp\/v2\/pages\/9844\/revisions\/14166"}],"up":[{"embeddable":true,"href":"https:\/\/asgolfdepessac.com\/index.php\/wp-json\/wp\/v2\/pages\/502"}],"wp:featuredmedia":[{"embeddable":true,"href":"https:\/\/asgolfdepessac.com\/index.php\/wp-json\/wp\/v2\/media\/52"}],"wp:attachment":[{"href":"https:\/\/asgolfdepessac.com\/index.php\/wp-json\/wp\/v2\/media?parent=9844"}],"curies":[{"name":"wp","href":"https:\/\/api.w.org\/{rel}","templated":true}]}}