{"id":9953,"date":"2025-02-12T17:27:03","date_gmt":"2025-02-12T16:27:03","guid":{"rendered":"https:\/\/asgolfdepessac.com\/?page_id=9953"},"modified":"2025-02-13T15:44:12","modified_gmt":"2025-02-13T14:44:12","slug":"clarification-de-la-regle-11","status":"publish","type":"page","link":"https:\/\/asgolfdepessac.com\/index.php\/clarification-de-la-regle-11\/","title":{"rendered":"Clarification de la r\u00e8gle 11"},"content":{"rendered":"\n<p class=\"has-black-color has-background-color-background-color has-text-color has-background\"><strong>R\u00e8gle 11.1 Clarifications : Balle en mouvement heurtant accidentellement une personne ou une influence ext\u00e9rieure<\/strong><br><strong>11.1b\/1<\/strong> \u2013 Jouer de l\u2019endroit o\u00f9 la balle repose quand le coup doit \u00eatre rejou\u00e9, ce n\u2019est pas jouer d\u2019un mauvais endroit<br>Lorsqu\u2019un joueur doit rejouer un coup selon une R\u00e8gle et qu\u2019il le fait (par ex. selon la R\u00e8gle 11.2c(2) \u2212 Endroit o\u00f9 une balle d\u00e9lib\u00e9r\u00e9ment d\u00e9vi\u00e9e ou arr\u00eat\u00e9e doit \u00eatre jou\u00e9e lorsque le coup a \u00e9t\u00e9 jou\u00e9 sur le green), il n\u2019est pas tenu compte du coup d\u2019origine dans le score du joueur, comme si ce coup n\u2019avait jamais eu lieu. Mais si le joueur ne replace pas la balle et ne rejoue pas le coup, et joue de l\u2019endroit o\u00f9 la<br>balle est venue reposer, le coup compte et le joueur encourt la p\u00e9nalit\u00e9 g\u00e9n\u00e9rale, mais il n\u2019a pas jou\u00e9 d\u2019un mauvais endroit.<br>Par exemple, sur le green un joueur joue un coup qui frappe accidentellement une gaine qui est sortie du trou lorsque le drapeau a \u00e9t\u00e9 retir\u00e9 (R\u00e8gle 11.1b(2)). Si le joueur rejoue le coup en jouant la balle d\u2019origine ou une autre balle depuis l\u2019emplacement o\u00f9 ce coup a \u00e9t\u00e9 jou\u00e9 comme exig\u00e9 par la R\u00e8gle 11.1b(2), le coup jou\u00e9 lorsque la balle a frapp\u00e9 la gaine du trou ne compte pas.<br>\u2022 Mais si le joueur ne rejoue pas le coup et \u00e0 la place joue la balle l\u00e0 o\u00f9 elle repose, le coup avec lequel la balle a frapp\u00e9 la gaine du trou compte et le joueur encourt la p\u00e9nalit\u00e9 g\u00e9n\u00e9rale.<br><strong>11.1b\/2<\/strong> \u2013 Que faire lorsque la balle se d\u00e9place apr\u00e8s avoir \u00e9t\u00e9 accidentellement d\u00e9vi\u00e9e ou arr\u00eat\u00e9e<br>Si une balle vient reposer contre une personne ou une influence ext\u00e9rieure apr\u00e8s avoir \u00e9t\u00e9 accidentellement d\u00e9vi\u00e9e ou arr\u00eat\u00e9e et que la personne ou l\u2019influence ext\u00e9rieure se d\u00e9place ou est d\u00e9plac\u00e9e, la R\u00e8gle 9 s\u2019applique et le joueur doit suivre la R\u00e8gle de fa\u00e7on correcte. Cependant, il n\u2019y a pas de p\u00e9nalit\u00e9 selon la R\u00e8gle 9 si la balle se d\u00e9place apr\u00e8s \u00eatre venue reposer contre une personne ou un<br>\u00e9quipement (Voir l\u2019Exception 5 de la R\u00e8gle 9.4b et l\u2019Exception 3 de la R\u00e8gle 9.5b).<br>Exemples de situations o\u00f9 il n\u2019y a pas de p\u00e9nalit\u00e9 :<br>\u2022 La balle du joueur vient reposer contre le pied de l\u2019adversaire apr\u00e8s qu\u2019il l\u2019a accidentellement arr\u00eat\u00e9e et la balle se d\u00e9place suite au d\u00e9placement de l\u2019adversaire. Le joueur doit replacer la balle comme exig\u00e9 par la R\u00e8gle 9.5a, mais ni le joueur, ni l\u2019adversaire n\u2019encourent de p\u00e9nalit\u00e9.<br>\u2022 Apr\u00e8s avoir roul\u00e9 en arri\u00e8re sur une butte, la balle en mouvement du joueur est accidentellement arr\u00eat\u00e9e par son club et la balle se d\u00e9place quand il retire le club. Le joueur doit replacer la balle comme exig\u00e9 par la R\u00e8gle 9.4a mais n\u2019encourt aucune p\u00e9nalit\u00e9.<br>Pour d\u2019autres situations o\u00f9 une balle est accidentellement d\u00e9vi\u00e9e ou arr\u00eat\u00e9e par une influence ext\u00e9rieure (par ex. un animal), et que l\u2019influence ext\u00e9rieure se d\u00e9place et provoque le d\u00e9placement de la balle, voir la R\u00e8gle 9.6 pour ce qu\u2019il faut faire.<br><strong>11.1b\/3 <\/strong>\u2013 Que faire lorsque la balle jou\u00e9e de n\u2019importe o\u00f9 sauf sur le green est d\u00e9vi\u00e9e ou ramass\u00e9e par un animal<br>Si une balle jou\u00e9e de n\u2019importe o\u00f9 sauf sur le green est en mouvement et est d\u00e9vi\u00e9e ou arr\u00eat\u00e9e par un animal, il n\u2019y a pas de p\u00e9nalit\u00e9 et la balle doit \u00eatre jou\u00e9e comme elle repose (voir R\u00e8gle 11.1).<br>Mais si un animal ramasse une balle en mouvement, la balle est consid\u00e9r\u00e9e reposer sur l\u2019animal et un d\u00e9gagement gratuit doit \u00eatre pris en utilisant comme point de r\u00e9f\u00e9rence le point o\u00f9 l\u2019animal a ramass\u00e9 la balle (Voir R\u00e8gle 11.1b(1)).<br>Par exemple, une balle sur le fairway est ramass\u00e9e par un chien alors qu\u2019elle est encore en mouvement. La balle est consid\u00e9r\u00e9e reposer sur l\u2019animal \u00e0 l\u2019endroit o\u00f9 le chien l\u2019a ramass\u00e9e.<br>\u2022 Si la balle a \u00e9t\u00e9 ramass\u00e9e sur le fairway, une balle doit \u00eatre dropp\u00e9e \u00e0 moins d\u2019une longueur de club et pas plus pr\u00e8s du trou que le point o\u00f9 la balle a \u00e9t\u00e9 ramass\u00e9e par le chien dans la zone g\u00e9n\u00e9rale.<br>\u2022 Si la balle a \u00e9t\u00e9 ramass\u00e9e sur le green, une balle doit \u00eatre plac\u00e9e sur le green \u00e0 l\u2019endroit estim\u00e9 o\u00f9 la balle a \u00e9t\u00e9 ramass\u00e9e. (Nouvelle)<br>R\u00e8gle 11.2 Clarifications : Balle en mouvement d\u00e9vi\u00e9e ou arr\u00eat\u00e9e d\u00e9lib\u00e9r\u00e9ment par une personne<br><strong>11.2a\/1<\/strong> \u2013 \u00c9quipement laiss\u00e9 en place apr\u00e8s que le joueur s\u2019est rendu compte qu\u2019il pourrait \u00eatre utile si la balle le frappait<br>La R\u00e8gle 11.2 s\u2019applique \u00e0 une situation o\u00f9 un joueur n\u2019a pas initialement plac\u00e9 l\u2019\u00e9quipement, l\u2019autre objet ou la personne dans le but de d\u00e9vier la balle en mouvement, mais il r\u00e9alise ensuite que cela peut d\u00e9vier ou arr\u00eater la balle apr\u00e8s l\u2019avoir positionn\u00e9 et laiss\u00e9 d\u00e9lib\u00e9r\u00e9ment en place.<br>Exemple o\u00f9 le joueur encourt une p\u00e9nalit\u00e9 :<br>\u2022 Apr\u00e8s avoir ratiss\u00e9 un bunker, un joueur place le r\u00e2teau entre le green et le bunker, sans penser qu\u2019il pourrait avoir une influence sur une balle en mouvement. Le joueur, qui a maintenant un putt en descente vers le bunker, r\u00e9alise que le r\u00e2teau pourrait arr\u00eater sa balle et joue sans d\u00e9placer le r\u00e2teau au pr\u00e9alable. Le joueur putte et la balle est arr\u00eat\u00e9e par ce r\u00e2teau.<br>Exemple o\u00f9 le joueur n\u2019encourt pas de p\u00e9nalit\u00e9 :<br>\u2022 Un r\u00e2teau a \u00e9t\u00e9 laiss\u00e9 par le groupe pr\u00e9c\u00e9dent entre le green et un bunker. Un joueur qui a un putt en descente vers le bunker voit le r\u00e2teau et le laisse l\u00e0 car il pourrait arr\u00eater la balle si son putt est trop fort. Le joueur putte et la balle est arr\u00eat\u00e9e par ce r\u00e2teau.<br>R\u00e8gle 11.3 Clarifications : D\u00e9placer d\u00e9lib\u00e9r\u00e9ment des objets ou modifier des conditions pour influer sur une balle en mouvement<br><strong>11.3\/1 <\/strong>\u2013 Le r\u00e9sultat des actions d\u00e9lib\u00e9r\u00e9es visant \u00e0 exercer une influence sur une balle en mouvement est sans importance<br>La R\u00e8gle 11.3 s\u2019applique quand un joueur ou un cadet entreprend une action d\u00e9lib\u00e9r\u00e9e dans le but d\u2019exercer une influence sur une balle en mouvement, le joueur \u00e9tant en infraction avec cette R\u00e8gle m\u00eame si l\u2019action d\u00e9lib\u00e9r\u00e9e n\u2019influe pas sur l\u2019endroit o\u00f9 la balle est venue reposer.<br>Exemples de situations o\u00f9 le joueur encourt la p\u00e9nalit\u00e9 g\u00e9n\u00e9rale selon la R\u00e8gle 11.3, et o\u00f9 en stroke play il doit jouer la balle o\u00f9 elle repose :<br>\u2022 La balle du joueur repose dans la zone g\u00e9n\u00e9rale au bas d\u2019une pente. Le joueur joue un coup et, pendant que la balle revient en arri\u00e8re en roulant dans la pente, le joueur tasse une touffe de gazon relev\u00e9e pour \u00e9viter que la balle ne vienne reposer dans un mauvais lie.<br>\u2022 Le joueur, croyant qu\u2019un r\u00e2teau reposant sur le sol peut arr\u00eater ou d\u00e9vier la balle en mouvement d\u2019un autre joueur, rel\u00e8ve le r\u00e2teau.<br>Exemples de situations o\u00f9 il n\u2019y a pas de p\u00e9nalit\u00e9, et o\u00f9 en stroke play la balle doit \u00eatre jou\u00e9e o\u00f9 elle repose :<br>\u2022 La balle d\u2019un joueur repose dans la zone g\u00e9n\u00e9rale au bas d\u2019une pente. Le joueur joue un coup et la balle commence \u00e0 revenir en arri\u00e8re en roulant dans la pente. Ne sachant pas que la balle \u00e9tait en train de revenir dans la zone d\u2019o\u00f9 elle avait \u00e9t\u00e9 jou\u00e9e, le joueur tasse une touffe de gazon relev\u00e9e, sans aucune<br>intention d\u2019influer sur l\u2019endroit o\u00f9 la balle pourrait venir reposer.<br>Il n\u2019y a pas de p\u00e9nalit\u00e9 m\u00eame si la balle vient reposer dans la zone tass\u00e9e.<br>\u2022 Apr\u00e8s avoir jou\u00e9 un coup et alors que la balle est en mouvement, un joueur rel\u00e8ve un r\u00e2teau situ\u00e9 \u00e0 proximit\u00e9 pour le donner \u00e0 un autre joueur pour son prochain coup dans le bunker. La balle du joueur roule dans la zone d\u2019o\u00f9 le r\u00e2teau a \u00e9t\u00e9 relev\u00e9.<\/p>\n","protected":false},"excerpt":{"rendered":"<p>R\u00e8gle 11.1 Clarifications : Balle en mouvement heurtant accidentellement une personne ou une influence ext\u00e9rieure11.1b\/1 \u2013 Jouer de l\u2019endroit o\u00f9 la balle repose quand le coup doit \u00eatre rejou\u00e9, ce n\u2019est pas jouer d\u2019un mauvais endroitLorsqu\u2019un joueur doit rejouer un coup selon une R\u00e8gle et qu\u2019il le fait (par ex. [&hellip;]<\/p>\n","protected":false},"author":8,"featured_media":9462,"parent":0,"menu_order":0,"comment_status":"closed","ping_status":"closed","template":"","meta":{"footnotes":""},"class_list":["post-9953","page","type-page","status-publish","has-post-thumbnail","hentry"],"_links":{"self":[{"href":"https:\/\/asgolfdepessac.com\/index.php\/wp-json\/wp\/v2\/pages\/9953","targetHints":{"allow":["GET"]}}],"collection":[{"href":"https:\/\/asgolfdepessac.com\/index.php\/wp-json\/wp\/v2\/pages"}],"about":[{"href":"https:\/\/asgolfdepessac.com\/index.php\/wp-json\/wp\/v2\/types\/page"}],"author":[{"embeddable":true,"href":"https:\/\/asgolfdepessac.com\/index.php\/wp-json\/wp\/v2\/users\/8"}],"replies":[{"embeddable":true,"href":"https:\/\/asgolfdepessac.com\/index.php\/wp-json\/wp\/v2\/comments?post=9953"}],"version-history":[{"count":0,"href":"https:\/\/asgolfdepessac.com\/index.php\/wp-json\/wp\/v2\/pages\/9953\/revisions"}],"wp:featuredmedia":[{"embeddable":true,"href":"https:\/\/asgolfdepessac.com\/index.php\/wp-json\/wp\/v2\/media\/9462"}],"wp:attachment":[{"href":"https:\/\/asgolfdepessac.com\/index.php\/wp-json\/wp\/v2\/media?parent=9953"}],"curies":[{"name":"wp","href":"https:\/\/api.w.org\/{rel}","templated":true}]}}